000
CDHW41 PHFO 190236
CLILIH


CLIMATE REPORT
NATIONAL WEATHER SERVICE HONOLULU HI
436 PM HST SAT APR 18 2015


...................................

...THE LIHUE HI CLIMATE SUMMARY FOR APRIL 18 2015...
VALID TODAY AS OF 0400 PM LOCAL TIME.

CLIMATE NORMAL PERIOD 1981 TO 2010
CLIMATE RECORD PERIOD 1946 TO 2015


WEATHER ITEM   OBSERVED TIME   RECORD YEAR NORMAL DEPARTURE LAST
                VALUE   (LST)  VALUE       VALUE  FROM      YEAR
                                                  NORMAL
..................................................................
TEMPERATURE (F)
 TODAY
  MAXIMUM         82    234 PM  86    1981  79      3       80
  MINIMUM         74    646 AM  59    1967  69      5       72
  AVERAGE         78                        74      4       76

PRECIPITATION (IN)
  TODAY            0.02          0.66 1976   0.06  -0.04      T
  MONTH TO DATE    0.54                      1.52  -0.98     0.26
  SINCE MAR 1      2.18                      6.13  -3.95     2.19
  SINCE JAN 1      4.09                     13.04  -8.95    12.59

SNOWFALL (IN)
  TODAY            0.0
  MONTH TO DATE    0.0
  SINCE MAR 1      0.0
  SINCE JUL 1      0.0
  SNOW DEPTH       0

DEGREE DAYS
 HEATING
  TODAY            0                         0      0        0
  MONTH TO DATE    0                         0      0        0
  SINCE MAR 1      0                         0      0        0
  SINCE JUL 1      0                         0      0        0

 COOLING
  TODAY           13                         9      4       11
  MONTH TO DATE  207                       161     46      170
  SINCE MAR 1    461                       400     61      381
  SINCE JAN 1    917                       795    122      757
..................................................................


WIND (MPH)
  HIGHEST WIND SPEED    21   HIGHEST WIND DIRECTION    NE (60)
  HIGHEST GUST SPEED    25   HIGHEST GUST DIRECTION    NE (60)
  AVERAGE WIND SPEED    15.5


SKY COVER
  POSSIBLE SUNSHINE  MM
  AVERAGE SKY COVER 0.7


WEATHER CONDITIONS
 THE FOLLOWING WEATHER WAS RECORDED TODAY.
  HAZE


RELATIVE HUMIDITY (PERCENT)
 HIGHEST    79           200 AM
 LOWEST     62          1000 AM
 AVERAGE    71

..........................................................


THE LIHUE HI CLIMATE NORMALS FOR TOMORROW
                         NORMAL    RECORD    YEAR
 MAXIMUM TEMPERATURE (F)   79        85      1981
                                             1978
 MINIMUM TEMPERATURE (F)   69        59      1967
                                             1966


SUNRISE AND SUNSET
APRIL 18 2015.........SUNRISE   615 AM HST   SUNSET   658 PM HST
APRIL 19 2015.........SUNRISE   615 AM HST   SUNSET   659 PM HST


-  INDICATES NEGATIVE NUMBERS.
R  INDICATES RECORD WAS SET OR TIED.
MM INDICATES DATA IS MISSING.
T  INDICATES TRACE AMOUNT.




$$
