000
CDUS45 KPIH 210731
CLILLJ


CLIMATE REPORT
NATIONAL WEATHER SERVICE POCATELLO ID
130 AM MDT TUE APR 21 2015


...................................

...THE CHALLIS ID CLIMATE SUMMARY FOR APRIL 20 2015...

CLIMATE NORMAL PERIOD 1981 TO 2010
CLIMATE RECORD PERIOD 1898 TO 2015


WEATHER ITEM   OBSERVED TIME   RECORD YEAR NORMAL DEPARTURE LAST
                VALUE   (LST)  VALUE       VALUE  FROM      YEAR
                                                  NORMAL
..................................................................
TEMPERATURE (F)
 YESTERDAY
  MAXIMUM         70    509 PM  82    1994  58     12       64
  MINIMUM         30    517 AM   8    1927  30      0       38
  AVERAGE         50                        44      6       51

PRECIPITATION (IN)
  YESTERDAY        0.00          0.65 2001   0.03  -0.03     0.00
  MONTH TO DATE    0.29                      0.49  -0.20     0.58
  SINCE OCT 1      2.86                      4.26  -1.40     2.99
  SINCE JAN 1      1.07                      2.33  -1.26     2.26

SNOWFALL (IN)
  YESTERDAY       MM
  MONTH TO DATE   MM
  SINCE MAR 1     MM
  SINCE JUL 1     MM
  SNOW DEPTH      MM

DEGREE DAYS
 HEATING
  YESTERDAY       15                        21     -6       14
  MONTH TO DATE  470                       453     17      420
  SINCE MAR 1   1168                      1349   -181     1273
  SINCE JUL 1   6306                      7398  -1092     7022

 COOLING
  YESTERDAY        0                         0      0        0
  MONTH TO DATE    0                         0      0        0
  SINCE MAR 1      0                         0      0        0
  SINCE JAN 1      0                         0      0        0
..................................................................


WIND (MPH)
  HIGHEST WIND SPEED    13   HIGHEST WIND DIRECTION     N (10)
  HIGHEST GUST SPEED    16   HIGHEST GUST DIRECTION    NE (30)
  AVERAGE WIND SPEED     3.6


SKY COVER
  POSSIBLE SUNSHINE  MM
  AVERAGE SKY COVER 0.0


WEATHER CONDITIONS
 THE FOLLOWING WEATHER WAS RECORDED YESTERDAY.
  NO SIGNIFICANT WEATHER WAS OBSERVED.


RELATIVE HUMIDITY (PERCENT)
 HIGHEST    63           600 AM
 LOWEST     12           500 PM
 AVERAGE    38

..........................................................


THE CHALLIS ID CLIMATE NORMALS FOR TODAY
                         NORMAL    RECORD    YEAR
 MAXIMUM TEMPERATURE (F)   59        83      1994
 MINIMUM TEMPERATURE (F)   30        12      2008


SUNRISE AND SUNSET
APRIL 21 2015.........SUNRISE   643 AM MDT   SUNSET   829 PM MDT
APRIL 22 2015.........SUNRISE   641 AM MDT   SUNSET   830 PM MDT


-  INDICATES NEGATIVE NUMBERS.
R  INDICATES RECORD WAS SET OR TIED.
MM INDICATES DATA IS MISSING.
T  INDICATES TRACE AMOUNT.




$$
