000
CDUS44 KCRP 260702
CLILRD

CLIMATE REPORT
NATIONAL WEATHER SERVICE CORPUS CHRISTI TX
201 AM CDT SUN APR 26 2015


...THE LAREDO CLIMATE SUMMARY FOR APRIL 25 2015...

CLIMATE NORMAL PERIOD 1981 TO 2010
CLIMATE RECORD PERIOD 1900 TO 2015


WEATHER ITEM   OBSERVED TIME   RECORD YEAR NORMAL DEPARTURE LAST
                VALUE   (LST)  VALUE       VALUE  FROM      YEAR
                                                  NORMAL
..................................................................
TEMPERATURE (F)
 YESTERDAY
  MAXIMUM         93    448 PM 107    2011  90      3       94
  MINIMUM         75    430 AM  42    1913  67      8       70
  AVERAGE         84                        78      6       82

PRECIPITATION (IN)
  YESTERDAY        0.00          2.65 1949   0.06  -0.06     0.00
  MONTH TO DATE    4.28                      1.11   3.17     0.03
  SINCE MAR 1      6.85                      2.23   4.62     1.11
  SINCE JAN 1      7.73                      4.07   3.66     1.32

SNOWFALL (IN)
  YESTERDAY        0.0
  MONTH TO DATE    0.0
  SINCE MAR 1      0.0
  SINCE JUL 1      0.0

DEGREE DAYS
 HEATING
  YESTERDAY        0                         0      0        0
  MONTH TO DATE    0                        12    -12        5
  SINCE MAR 1    128                        81     47      104
  SINCE JUL 1   1063                       925    138     1095

 COOLING
  YESTERDAY       19                        13      6       17
  MONTH TO DATE  275                       273      2      289
  SINCE MAR 1    366                       446    -80      425
  SINCE JAN 1    414                       531   -117      537
..................................................................


WIND (MPH)
  HIGHEST WIND SPEED    21   HIGHEST WIND DIRECTION    NE (30)
  HIGHEST GUST SPEED    23   HIGHEST GUST DIRECTION    NE (30)
  AVERAGE WIND SPEED     9.1


SKY COVER
  POSSIBLE SUNSHINE  MM
  AVERAGE SKY COVER 0.1


WEATHER CONDITIONS
 THE FOLLOWING WEATHER WAS RECORDED YESTERDAY.
  FOG
  HAZE


RELATIVE HUMIDITY (PERCENT)
 HIGHEST   100           200 AM
 LOWEST     33           400 PM

..........................................................


THE LAREDO CLIMATE NORMALS FOR TODAY
                         NORMAL    RECORD    YEAR
 MAXIMUM TEMPERATURE (F)   90       111      2011
 MINIMUM TEMPERATURE (F)   67        49      1916


SUNRISE AND SUNSET
APRIL 26 2015.........SUNRISE   703 AM CDT   SUNSET   809 PM CDT
APRIL 27 2015.........SUNRISE   702 AM CDT   SUNSET   809 PM CDT


-  INDICATES NEGATIVE NUMBERS.
R  INDICATES RECORD WAS SET OR TIED.
MM INDICATES DATA IS MISSING.
T  INDICATES TRACE AMOUNT.

$$

TMT
