000
CDUS43 KARX 020642
CLILSE


CLIMATE REPORT
NATIONAL WEATHER SERVICE LA CROSSE WI
138 AM CDT THU APR 2 2015


...................................

...THE LA CROSSE WI CLIMATE SUMMARY FOR APRIL 1 2015...

CLIMATE NORMAL PERIOD 1981 TO 2010
CLIMATE RECORD PERIOD 1873 TO 2015


WEATHER ITEM   OBSERVED TIME   RECORD YEAR NORMAL DEPARTURE LAST
                VALUE   (LST)  VALUE       VALUE  FROM      YEAR
                                                  NORMAL
..................................................................
TEMPERATURE (F)
 YESTERDAY
  MAXIMUM         82R   319 PM  82    2010  52     30       39
  MINIMUM         38    523 AM   7    1924  32      6       26
  AVERAGE         60                        42     18       33

PRECIPITATION (IN)
  YESTERDAY        T             1.05 1920   0.09  -0.09      T
  MONTH TO DATE    T                         0.09  -0.09      T
  SINCE MAR 1      0.81                      2.13  -1.32     1.31
  SINCE JAN 1      2.02                      4.30  -2.28     3.67

SNOWFALL (IN)
  YESTERDAY        0.0           3.3  1962   0.1   -0.1       T
  MONTH TO DATE    0.0                       0.1   -0.1       T
  SINCE JUL 1     38.3                      41.7   -3.4     46.6
  SNOW DEPTH       0

DEGREE DAYS
 HEATING
  YESTERDAY        5                        23    -18       32
  MONTH TO DATE    5                        23    -18       32
  SINCE JUL 1   6497                      6476     21     7377

 COOLING
  YESTERDAY        0                         0      0        0
  MONTH TO DATE    0                         0      0        0
  SINCE JAN 1      0                         0      0        0
..................................................................


WIND (MPH)
  HIGHEST WIND SPEED    35   HIGHEST WIND DIRECTION     S (190)
  HIGHEST GUST SPEED    47   HIGHEST GUST DIRECTION     S (200)
  AVERAGE WIND SPEED    14.9


SKY COVER
  POSSIBLE SUNSHINE  MM
  AVERAGE SKY COVER 0.0


WEATHER CONDITIONS
 THE FOLLOWING WEATHER WAS RECORDED YESTERDAY.
  LIGHT RAIN


RELATIVE HUMIDITY (PERCENT)
 HIGHEST    70           100 AM
 LOWEST     17           300 PM
 AVERAGE    44

..........................................................


THE LA CROSSE WI CLIMATE NORMALS FOR TODAY
                         NORMAL    RECORD    YEAR
 MAXIMUM TEMPERATURE (F)   53        80      1981
 MINIMUM TEMPERATURE (F)   32        14      1954
                                             1877


SUNRISE AND SUNSET
APRIL  2 2015.........SUNRISE   645 AM CDT   SUNSET   733 PM CDT
APRIL  3 2015.........SUNRISE   643 AM CDT   SUNSET   734 PM CDT


-  INDICATES NEGATIVE NUMBERS.
R  INDICATES RECORD WAS SET OR TIED.
MM INDICATES DATA IS MISSING.
T  INDICATES TRACE AMOUNT.




$$
