000
CDUS43 KTOP 210634
CLILWC


CLIMATE REPORT
NATIONAL WEATHER SERVICE TOPEKA KS
132 AM CDT TUE APR 21 2015


...................................

...THE LAWRENCE KS CLIMATE SUMMARY FOR APRIL 20 2015...

CLIMATE NORMAL PERIOD 1981 TO 2010
CLIMATE RECORD PERIOD 9999 TO 9999


WEATHER ITEM   OBSERVED NORMAL DEPARTURE LAST
                VALUE   VALUE  FROM      YEAR
                               NORMAL
...............................................
TEMPERATURE (F)
 YESTERDAY
  MAXIMUM         60     68     -8       80
  MINIMUM         36     44     -8       52
  AVERAGE         48     56     -8       66

PRECIPITATION (IN)
  YESTERDAY        0.00   0.15  -0.15      T
  MONTH TO DATE    2.34   2.26   0.08     1.96
  SINCE MAR 1      3.06   4.88  -1.82     2.93
  SINCE JAN 1      4.75   7.19  -2.44     3.98

DEGREE DAYS
 HEATING
  YESTERDAY       17      9      8        0
  MONTH TO DATE  152    245    -93      284
  SINCE MAR 1    744    886   -142     1025
  SINCE JUL 1   5033   4901    132     5451

 COOLING
  YESTERDAY        0      1     -1        1
  MONTH TO DATE    5     13     -8        6
  SINCE MAR 1      5     16    -11        6
  SINCE JAN 1      5     16    -11        6
...............................................


WIND (MPH)
  HIGHEST WIND SPEED    31   HIGHEST WIND DIRECTION    NW (320)
  HIGHEST GUST SPEED    42   HIGHEST GUST DIRECTION    NW (320)
  AVERAGE WIND SPEED    14.5


SKY COVER
  AVERAGE SKY COVER 0.3


WEATHER CONDITIONS
 THE FOLLOWING WEATHER WAS RECORDED YESTERDAY.
  NO SIGNIFICANT WEATHER WAS OBSERVED.


RELATIVE HUMIDITY (PERCENT)
 HIGHEST    89
 LOWEST     24
 AVERAGE    57

..........................................................


THE LAWRENCE KS CLIMATE NORMALS FOR TODAY
                         NORMAL
 MAXIMUM TEMPERATURE (F)   69
 MINIMUM TEMPERATURE (F)   45


SUNRISE AND SUNSET
APRIL 21 2015.........SUNRISE   636 AM CDT   SUNSET   804 PM CDT
APRIL 22 2015.........SUNRISE   635 AM CDT   SUNSET   805 PM CDT


-  INDICATES NEGATIVE NUMBERS.
R  INDICATES RECORD WAS SET OR TIED.
MM INDICATES DATA IS MISSING.
T  INDICATES TRACE AMOUNT.

$$
