000
CDUS45 KTFX 251027
CLILWT


CLIMATE REPORT
NATIONAL WEATHER SERVICE GREAT FALLS MT
426 AM MDT SAT APR 25 2015


...................................

...THE LEWISTOWN MT CLIMATE SUMMARY FOR APRIL 24 2015...

CLIMATE NORMAL PERIOD 1981 TO 2010
CLIMATE RECORD PERIOD 1896 TO 2015


WEATHER ITEM   OBSERVED TIME   RECORD YEAR NORMAL DEPARTURE LAST
                VALUE   (LST)  VALUE       VALUE  FROM      YEAR
                                                  NORMAL
..................................................................
TEMPERATURE (F)
 YESTERDAY
  MAXIMUM         61    242 PM  84    1910  56      5       53
  MINIMUM         37    407 AM  17    1958  31      6       30
  AVERAGE         49                        44      5       42

PRECIPITATION (IN)
  YESTERDAY        0.43          1.38 1994   0.05   0.38      T
  MONTH TO DATE    1.36                      1.06   0.30     0.63
  SINCE OCT 1      5.97                      5.56   0.41     5.46
  SINCE JAN 1      3.66                      3.06   0.60     3.38

SNOWFALL (IN)
  YESTERDAY       MM
  SNOW DEPTH       0

DEGREE DAYS
 HEATING
  YESTERDAY       16                        21     -5       23
  MONTH TO DATE  532                       586    -54      578
  SINCE MAR 1   1225                      1581   -356     1695
  SINCE JUL 1   6423                      7385   -962     7751

 COOLING
  YESTERDAY        0                         0      0        0
  MONTH TO DATE    0                         0      0        0
  SINCE MAR 1      0                         0      0        0
  SINCE JAN 1      0                         0      0        0
..................................................................


WIND (MPH)
  HIGHEST WIND SPEED    17   HIGHEST WIND DIRECTION    NW (300)
  HIGHEST GUST SPEED    22   HIGHEST GUST DIRECTION    NW (310)
  AVERAGE WIND SPEED     7.0


SKY COVER
  AVERAGE SKY COVER 0.6


WEATHER CONDITIONS
 THE FOLLOWING WEATHER WAS RECORDED YESTERDAY.
  RAIN
  LIGHT RAIN
  FOG


RELATIVE HUMIDITY (PERCENT)
 HIGHEST    89           800 PM
 LOWEST     39           300 PM
 AVERAGE    64

..........................................................


THE LEWISTOWN MT CLIMATE NORMALS FOR TODAY
                         NORMAL    RECORD    YEAR
 MAXIMUM TEMPERATURE (F)   57        81      1898
 MINIMUM TEMPERATURE (F)   31         9      1960


SUNRISE AND SUNSET
APRIL 25 2015.........SUNRISE   612 AM MDT   SUNSET   820 PM MDT
APRIL 26 2015.........SUNRISE   611 AM MDT   SUNSET   822 PM MDT


-  INDICATES NEGATIVE NUMBERS.
R  INDICATES RECORD WAS SET OR TIED.
MM INDICATES DATA IS MISSING.
T  INDICATES TRACE AMOUNT.




$$
