000
CDUS43 KILX 270634
CLILWV


CLIMATE REPORT
NATIONAL WEATHER SERVICE LINCOLN IL
134 AM CDT MON APR 27 2015


...................................

...THE LAWRENCEVILLE IL AIRPORT CLIMATE SUMMARY FOR APRIL 26 2015...

CLIMATE NORMAL PERIOD 1981 TO 2010
CLIMATE RECORD PERIOD 9999 TO 9999


WEATHER ITEM   OBSERVED TIME   RECORD YEAR NORMAL DEPARTURE LAST
                VALUE   (LST)  VALUE       VALUE  FROM      YEAR
                                                  NORMAL
..................................................................
TEMPERATURE (F)
 YESTERDAY
  MAXIMUM         62    436 PM  MM      MM  70     -8       80
  MINIMUM         46   1159 PM  MM      MM  49     -3       49
  AVERAGE         54                        60     -6       65

PRECIPITATION (IN)
  YESTERDAY        0.00         MM      MM   0.18  -0.18     0.00
  MONTH TO DATE    6.11                      3.33   2.78     6.16
  SINCE MAR 1     10.98                      6.76   4.22     7.20
  SINCE JAN 1     13.48                     11.15   2.33     9.96

DEGREE DAYS
 HEATING
  YESTERDAY       11                         6      5        0
  MONTH TO DATE  210                       273    -63      238
  SINCE MAR 1    935                       895     40     1021
  SINCE JUL 1   5209                      4570    639     5423

 COOLING
  YESTERDAY        0                         1     -1        0
  MONTH TO DATE    7                        20    -13        4
  SINCE MAR 1      7                        22    -15        4
  SINCE JAN 1      7                        22    -15        4
..................................................................


WIND (MPH)
  HIGHEST WIND SPEED    21   HIGHEST WIND DIRECTION    NE (40)
  HIGHEST GUST SPEED    24   HIGHEST GUST DIRECTION    NE (30)
  AVERAGE WIND SPEED    13.1


SKY COVER
  POSSIBLE SUNSHINE  MM
  AVERAGE SKY COVER 0.3


WEATHER CONDITIONS
 THE FOLLOWING WEATHER WAS RECORDED YESTERDAY.
  NO SIGNIFICANT WEATHER WAS OBSERVED.


RELATIVE HUMIDITY (PERCENT)
 HIGHEST    93          1200 AM
 LOWEST     36           200 PM
 AVERAGE    65

..........................................................


THE LAWRENCEVILLE IL AIRPORT CLIMATE NORMALS FOR TODAY
                         NORMAL    RECORD    YEAR
 MAXIMUM TEMPERATURE (F)   71        MM        MM
 MINIMUM TEMPERATURE (F)   50        MM        MM


SUNRISE AND SUNSET
APRIL 27 2015.........SUNRISE   558 AM CDT   SUNSET   739 PM CDT
APRIL 28 2015.........SUNRISE   557 AM CDT   SUNSET   740 PM CDT


-  INDICATES NEGATIVE NUMBERS.
R  INDICATES RECORD WAS SET OR TIED.
MM INDICATES DATA IS MISSING.
T  INDICATES TRACE AMOUNT.




$$
