000
CDUS41 KRNK 280651
CLILYH


CLIMATE REPORT
NATIONAL WEATHER SERVICE BLACKSBURG VA
240 AM EDT TUE APR 28 2015


...................................

...THE LYNCHBURG VA CLIMATE SUMMARY FOR APRIL 27 2015...

CLIMATE NORMAL PERIOD 1981 TO 2010
CLIMATE RECORD PERIOD 1893 TO 2015


WEATHER ITEM   OBSERVED TIME   RECORD YEAR NORMAL DEPARTURE LAST
                VALUE   (LST)  VALUE       VALUE  FROM      YEAR
                                                  NORMAL
..................................................................
TEMPERATURE (F)
 YESTERDAY
  MAXIMUM         63    143 PM  93    1915  71     -8       80
  MINIMUM         35    303 AM  31    1976  46    -11       48
  AVERAGE         49                        58     -9       64

PRECIPITATION (IN)
  YESTERDAY        0.00          2.04 1928   0.11  -0.11     0.00
  MONTH TO DATE    4.02                      2.99   1.03     3.60
  SINCE MAR 1      7.30                      6.57   0.73     6.53
  SINCE JAN 1     11.68                     12.64  -0.96    13.61

SNOWFALL (IN)
  YESTERDAY        0.0
  MONTH TO DATE    0.0
  SINCE MAR 1      2.5
  SINCE JUL 1     22.9
  SNOW DEPTH       0

DEGREE DAYS
 HEATING
  YESTERDAY       16                         7      9        1
  MONTH TO DATE  238                       283    -45      176
  SINCE MAR 1    848                       878    -30      826
  SINCE JUL 1   4537                      4302    235     4340

 COOLING
  YESTERDAY        0                         1     -1        0
  MONTH TO DATE    8                        15     -7       19
  SINCE MAR 1      8                        17     -9       19
  SINCE JAN 1      8                        17     -9       19
..................................................................


WIND (MPH)
  HIGHEST WIND SPEED    13   HIGHEST WIND DIRECTION     N (360)
  HIGHEST GUST SPEED    21   HIGHEST GUST DIRECTION     N (350)
  AVERAGE WIND SPEED     4.2


SKY COVER
  POSSIBLE SUNSHINE  MM
  AVERAGE SKY COVER 0.3


WEATHER CONDITIONS
 THE FOLLOWING WEATHER WAS RECORDED YESTERDAY.
  FOG


RELATIVE HUMIDITY (PERCENT)
 HIGHEST   100          1200 AM
 LOWEST     32           400 PM
 AVERAGE    66

..........................................................


THE LYNCHBURG VA CLIMATE NORMALS FOR TODAY
                         NORMAL    RECORD    YEAR
 MAXIMUM TEMPERATURE (F)   72        90      1957
                                             1915
 MINIMUM TEMPERATURE (F)   46        30      1998


SUNRISE AND SUNSET
APRIL 28 2015.........SUNRISE   626 AM EDT   SUNSET   803 PM EDT
APRIL 29 2015.........SUNRISE   625 AM EDT   SUNSET   804 PM EDT


-  INDICATES NEGATIVE NUMBERS.
R  INDICATES RECORD WAS SET OR TIED.
MM INDICATES DATA IS MISSING.
T  INDICATES TRACE AMOUNT.




$$
