000
CDUS44 KLZK 202121
CLILZK


CLIMATE REPORT
NATIONAL WEATHER SERVICE LITTLE ROCK AR
421 PM CDT MON APR 20 2015


...................................

...THE NORTH LITTLE ROCK CLIMATE SUMMARY FOR APRIL 20 2015...
VALID TODAY AS OF 0400 PM LOCAL TIME.

CLIMATE NORMAL PERIOD 1981 TO 2010
CLIMATE RECORD PERIOD 1975 TO 2015


WEATHER ITEM   OBSERVED TIME   RECORD YEAR NORMAL DEPARTURE LAST
                VALUE   (LST)  VALUE       VALUE  FROM      YEAR
                                                  NORMAL
..................................................................
TEMPERATURE (F)
 TODAY
  MAXIMUM         66        MM  94    1987  74     -8       79
  MINIMUM         51        MM  34    1983  54     -3       58
  AVERAGE         59                        64     -5       69

PRECIPITATION (IN)
  TODAY            0.00          1.20 1977   0.17  -0.17     0.00
  MONTH TO DATE    2.96                      3.10  -0.14     3.94
  SINCE MAR 1     11.73                      7.87   3.86     9.11
  SINCE JAN 1     17.91                     14.95   2.96    14.43

SNOWFALL (IN)
  TODAY            0.0          MM      MM   0.0    0.0      0.0
  MONTH TO DATE    0.0                       0.0    0.0      0.0
  SINCE MAR 1      6.4                       0.4    6.0      1.6
  SINCE JUL 1     10.6                       4.4    6.2      5.2
  SNOW DEPTH       0

DEGREE DAYS
 HEATING
  TODAY            6                         4      2        0
  MONTH TO DATE   47                       111    -64      136
  SINCE MAR 1    450                       471    -21      625
  SINCE JUL 1   3247                      2957    290     3452

 COOLING
  TODAY            0                         3     -3        4
  MONTH TO DATE   52                        36     16       30
  SINCE MAR 1     66                        53     13       30
  SINCE JAN 1     66                        55     11       30
..................................................................


WIND (MPH)
  HIGHEST WIND SPEED    MM   HIGHEST WIND DIRECTION    MM
  HIGHEST GUST SPEED    MM   HIGHEST GUST DIRECTION    MM
  AVERAGE WIND SPEED    MM


SKY COVER
  POSSIBLE SUNSHINE  MM
  AVERAGE SKY COVER  MM


WEATHER CONDITIONS
 THE FOLLOWING WEATHER WAS RECORDED TODAY.
  NO SIGNIFICANT WEATHER WAS OBSERVED.


RELATIVE HUMIDITY (PERCENT)
 HIGHEST    MM
 LOWEST     MM
 AVERAGE    MM

..........................................................


THE NORTH LITTLE ROCK CLIMATE NORMALS FOR TOMORROW
                         NORMAL    RECORD    YEAR
 MAXIMUM TEMPERATURE (F)   74        88      1980
 MINIMUM TEMPERATURE (F)   54        40      1978


SUNRISE AND SUNSET
APRIL 20 2015.........SUNRISE   631 AM CDT   SUNSET   745 PM CDT
APRIL 21 2015.........SUNRISE   630 AM CDT   SUNSET   746 PM CDT


-  INDICATES NEGATIVE NUMBERS.
R  INDICATES RECORD WAS SET OR TIED.
MM INDICATES DATA IS MISSING.
T  INDICATES TRACE AMOUNT.




$$
