000
CDUS46 KHNX 260042
CLIMAE


CLIMATE REPORT
NATIONAL WEATHER SERVICE SAN JOAQUIN VALLEY, CA
541 PM PDT SAT APR 25 2015


...................................

...THE MADERA CA CLIMATE SUMMARY FOR APRIL 25 2015...
VALID AS OF 0500 PM LOCAL TIME.

CLIMATE NORMAL PERIOD 1981 TO 2010
CLIMATE RECORD PERIOD 1998 TO 2015


WEATHER ITEM   OBSERVED TIME   RECORD YEAR NORMAL DEPARTURE LAST
                VALUE   (LST)  VALUE       VALUE  FROM      YEAR
                                                  NORMAL
..................................................................
TEMPERATURE (F)
 TODAY
  MAXIMUM         71    336 PM  93    2004  78     -7       63
  MINIMUM         53    843 AM  40    2008  47      6       48
  AVERAGE         62                        62      0       56

PRECIPITATION (IN)
  TODAY            0.66R         0.54 2014   0.03   0.63     0.54
  MONTH TO DATE    1.00                      0.81   0.19     0.56
  SINCE OCT 1      5.26                     10.92  -5.66     4.30
  SINCE JAN 1      1.58                      7.19  -5.61     3.61

SNOWFALL (IN)
  TODAY            0.0
  MONTH TO DATE    0.0
  SINCE MAR 1      0.0
  SINCE JUL 1      0.0
  SNOW DEPTH       0

DEGREE DAYS
 HEATING
  TODAY            3                                         9
  MONTH TO DATE  115                                        86
  SINCE MAR 1    245                                       276
  SINCE JUL 1   1695                                      2103

 COOLING
  TODAY            0                                         0
  MONTH TO DATE   20                                        47
  SINCE MAR 1     50                                        47
  SINCE JAN 1     52                                        47
..................................................................


WIND (MPH)
  HIGHEST WIND SPEED    14   HIGHEST WIND DIRECTION    SE (130)
  HIGHEST GUST SPEED    18   HIGHEST GUST DIRECTION    SE (140)
  AVERAGE WIND SPEED     7.4




RELATIVE HUMIDITY (PERCENT)
 HIGHEST    93
 LOWEST     47
 AVERAGE    70

..........................................................


THE MADERA CA CLIMATE NORMALS FOR TOMORROW
                         NORMAL    RECORD    YEAR
 MAXIMUM TEMPERATURE (F)   78        97      2004
 MINIMUM TEMPERATURE (F)   47        41      2009


SUNRISE AND SUNSET
APRIL 25 2015.........SUNRISE   613 AM PDT   SUNSET   744 PM PDT
APRIL 26 2015.........SUNRISE   612 AM PDT   SUNSET   745 PM PDT


-  INDICATES NEGATIVE NUMBERS.
R  INDICATES RECORD WAS SET OR TIED.
MM INDICATES DATA IS MISSING.
T  INDICATES TRACE AMOUNT.




$$
