000
CDUS44 KMAF 020732
CLIMAF


CLIMATE REPORT
NATIONAL WEATHER SERVICE MIDLAND/ODESSA TX
232 AM CDT THU APR 2 2015


...................................

...THE MIDLAND CLIMATE SUMMARY FOR APRIL 1 2015...

CLIMATE NORMAL PERIOD 1981 TO 2010
CLIMATE RECORD PERIOD 1930 TO 2015


WEATHER ITEM   OBSERVED TIME   RECORD YEAR NORMAL DEPARTURE LAST
                VALUE   (LST)  VALUE       VALUE  FROM      YEAR
                                                  NORMAL
..................................................................
TEMPERATURE (F)
 YESTERDAY
  MAXIMUM         85    533 PM  99    1946  75     10       89
  MINIMUM         60    723 AM  29    1936  45     15       56
  AVERAGE         73                        60     13       73

PRECIPITATION (IN)
  YESTERDAY        0.00          0.83 1990   0.02  -0.02     0.00
  MONTH TO DATE    0.00                      0.02  -0.02     0.00
  SINCE MAR 1      1.65                      0.62   1.03     0.19
  SINCE JAN 1      4.34                      1.89   2.45     0.45

SNOWFALL (IN)
  YESTERDAY        0.0
  MONTH TO DATE    0.0
  SINCE MAR 1      T
  SINCE JUL 1      3.6
  SNOW DEPTH       0

DEGREE DAYS
 HEATING
  YESTERDAY        0                         7     -7        0
  MONTH TO DATE    0                         7     -7        0
  SINCE MAR 1    338                       314     24      282
  SINCE JUL 1   2488                      2551    -63     2530

 COOLING
  YESTERDAY        8                         1      7        8
  MONTH TO DATE    8                         1      7        8
  SINCE MAR 1     34                        17     17       31
  SINCE JAN 1     35                        19     16       33
..................................................................


WIND (MPH)
  HIGHEST WIND SPEED    18   HIGHEST WIND DIRECTION     S (180)
  HIGHEST GUST SPEED    24   HIGHEST GUST DIRECTION    SW (230)
  AVERAGE WIND SPEED    12.3


SKY COVER
  POSSIBLE SUNSHINE  MM
  AVERAGE SKY COVER 0.1


WEATHER CONDITIONS
 THE FOLLOWING WEATHER WAS RECORDED YESTERDAY.
  NO SIGNIFICANT WEATHER WAS OBSERVED.


RELATIVE HUMIDITY (PERCENT)
 HIGHEST    78           400 AM
 LOWEST     22           600 PM
 AVERAGE    50

..........................................................


THE MIDLAND CLIMATE NORMALS FOR TODAY
                         NORMAL    RECORD    YEAR
 MAXIMUM TEMPERATURE (F)   75        95      2011
 MINIMUM TEMPERATURE (F)   45        29      1938


SUNRISE AND SUNSET
APRIL  2 2015.........SUNRISE   736 AM CDT   SUNSET   809 PM CDT
APRIL  3 2015.........SUNRISE   735 AM CDT   SUNSET   810 PM CDT


-  INDICATES NEGATIVE NUMBERS.
R  INDICATES RECORD WAS SET OR TIED.
MM INDICATES DATA IS MISSING.
T  INDICATES TRACE AMOUNT.




$$
