000
CDUS44 KMAF 062116
CLIMAF


CLIMATE REPORT
NATIONAL WEATHER SERVICE MIDLAND/ODESSA TX
415 PM CDT WED MAY 6 2015


...................................

...THE MIDLAND CLIMATE SUMMARY FOR MAY 6 2015...
VALID TODAY AS OF 0400 PM LOCAL TIME.

CLIMATE NORMAL PERIOD 1981 TO 2010
CLIMATE RECORD PERIOD 1930 TO 2015


WEATHER ITEM   OBSERVED TIME   RECORD YEAR NORMAL DEPARTURE LAST
                VALUE   (LST)  VALUE       VALUE  FROM      YEAR
                                                  NORMAL
..................................................................
TEMPERATURE (F)
 TODAY
  MAXIMUM         88    256 PM 103    1947  85      3       95
  MINIMUM         65    134 AM  37    1935  56      9       69
  AVERAGE         77                        71      6       82

PRECIPITATION (IN)
  TODAY            0.00          1.02 1969   0.03  -0.03     0.00
  MONTH TO DATE    0.27                      0.19   0.08     0.00
  SINCE MAR 1      3.22                      1.44   1.78     0.64
  SINCE JAN 1      5.91                      2.71   3.20     0.90

DEGREE DAYS
 COOLING
  TODAY           12                         7      5       17
  MONTH TO DATE   52                        36     16       54
  SINCE MAR 1    182                       142     40      221
  SINCE JAN 1    183                       144     39      223
..................................................................


WIND (MPH)
  HIGHEST WIND SPEED    18   HIGHEST WIND DIRECTION    SW (220)
  HIGHEST GUST SPEED    25   HIGHEST GUST DIRECTION    SW (220)
  AVERAGE WIND SPEED    11.4


SKY COVER
  POSSIBLE SUNSHINE  MM
  AVERAGE SKY COVER 0.5


WEATHER CONDITIONS
 THE FOLLOWING WEATHER WAS RECORDED TODAY.
  FOG
  HAZE


RELATIVE HUMIDITY (PERCENT)
 HIGHEST    87          1200 AM
 LOWEST     29           300 PM
 AVERAGE    58

..........................................................


THE MIDLAND CLIMATE NORMALS FOR TOMORROW
                         NORMAL    RECORD    YEAR
 MAXIMUM TEMPERATURE (F)   85       103      2009
 MINIMUM TEMPERATURE (F)   57        42      1933


SUNRISE AND SUNSET
MAY  6 2015...........SUNRISE   659 AM CDT   SUNSET   833 PM CDT
MAY  7 2015...........SUNRISE   658 AM CDT   SUNSET   833 PM CDT


-  INDICATES NEGATIVE NUMBERS.
R  INDICATES RECORD WAS SET OR TIED.
MM INDICATES DATA IS MISSING.
T  INDICATES TRACE AMOUNT.




$$
