000
CDUS43 KABR 041031
CLIMBG


CLIMATE REPORT
NATIONAL WEATHER SERVICE ABERDEEN SD
531 AM CDT MON MAY 4 2015


...................................

...THE MOBRIDGE SD CLIMATE SUMMARY FOR MAY 3 2015...

CLIMATE NORMAL PERIOD 1981 TO 2010
CLIMATE RECORD PERIOD 1911 TO 2015


WEATHER ITEM   OBSERVED TIME   RECORD YEAR NORMAL DEPARTURE LAST
                VALUE   (LST)  VALUE       VALUE  FROM      YEAR
                                                  NORMAL
..................................................................
TEMPERATURE (F)
 YESTERDAY
  MAXIMUM         69    629 PM  93    1918  65      4       57
  MINIMUM         41   1149 PM  15    2005  39      2       38
  AVERAGE         55                        52      3       48

PRECIPITATION (IN)
  YESTERDAY        T             1.45 1999   0.09  -0.09      T
  MONTH TO DATE    T                         0.26  -0.26      T
  SINCE MAR 1      0.67                      2.73  -2.06     2.86
  SINCE JAN 1      1.47                      3.46  -1.99     3.47

DEGREE DAYS
 HEATING
  YESTERDAY       10                        13     -3       17
  MONTH TO DATE   18                        40    -22       48
  SINCE MAR 1   1308                      1660   -352     1865
  SINCE JUL 1   7067                      7635   -568     8405

 COOLING
  YESTERDAY        0                         0      0        0
  MONTH TO DATE    5                         0      5        0
  SINCE MAR 1      5                         1      4        0
  SINCE JAN 1      5                         1      4        0
..................................................................


WIND (MPH)
  HIGHEST WIND SPEED    31   HIGHEST WIND DIRECTION     N (10)
  HIGHEST GUST SPEED    40   HIGHEST GUST DIRECTION     N (10)
  AVERAGE WIND SPEED    14.0


SKY COVER
  POSSIBLE SUNSHINE  MM
  AVERAGE SKY COVER 0.1


WEATHER CONDITIONS
 THE FOLLOWING WEATHER WAS RECORDED YESTERDAY.
  LIGHT RAIN


RELATIVE HUMIDITY (PERCENT)
 HIGHEST    60           200 AM
 LOWEST     19           500 PM
 AVERAGE    40

..........................................................


THE MOBRIDGE SD CLIMATE NORMALS FOR TODAY
                         NORMAL    RECORD    YEAR
 MAXIMUM TEMPERATURE (F)   65        92      1918
                                             1939
 MINIMUM TEMPERATURE (F)   40        21      2013


SUNRISE AND SUNSET
MAY  4 2015...........SUNRISE   626 AM CDT   SUNSET   852 PM CDT
MAY  5 2015...........SUNRISE   624 AM CDT   SUNSET   853 PM CDT


-  INDICATES NEGATIVE NUMBERS.
R  INDICATES RECORD WAS SET OR TIED.
MM INDICATES DATA IS MISSING.
T  INDICATES TRACE AMOUNT.




$$
