000
CDAK49 PAMC 030913
CLIMCG

CLIMATE REPORT
NATIONAL WEATHER SERVICE MCGRATH, AK
114 AM AKDT SUN MAY 3 2015

...................................
...THE MCGRATH AIRPORT CLIMATE SUMMARY FOR MAY 2 2015...

CLIMATE NORMAL PERIOD  1981 TO  2010
CLIMATE RECORD PERIOD  1940 TO  2015

WEATHER ITEM   OBSERVED TIME    RECORD YEAR NORMAL DEPARTURE LAST
               VALUE    (LST)   VALUE       VALUE  FROM      YEAR
                                                   NORMAL
...................................................................
TEMPERATURE
YESTERDAY
 MAXIMUM            58  0512 PM    71  2014     51       7     71
 MINIMUM            30  0610 AM    -2  1945     30       0     36
 AVERAGE            44                          41       3     54

PRECIPITATION
(INCHES)
 YESTERDAY        0.03           0.22  1946   0.02    0.01   0.00
 MONTH TO DATE    0.07                        0.05    0.02   0.00
 SINCE MAR 1      0.59                        1.60   -1.01   0.12
 SINCE JAN 1      1.03                        3.63   -2.60   1.81

SNOWFALL
(INCHES)
 YESTERDAY         0.0            0.8  1998    0.0     0.0    0.0
 MONTH TO DATE     0.0                         0.1    -0.1    0.0
 SINCE MAR 1       8.5                        16.5    -8.0    1.1
 SINCE JUL 1      41.6                        96.5   -54.9   47.1
 SNOW DEPTH (IN)     0                                          0

DEGREE DAYS
 HEATING
  YESTERDAY         21                          24      -3     11
  MONTH TO DATE     41                          49      -8     28
  SINCE MAR 1     2375                        2765    -390   2609
  SINCE JUL 1    11441                       13003   -1562  11436

 COOLING
  YESTERDAY          0                           0       0      0
  MONTH TO DATE      0                           0       0      0
  SINCE MAR 1        0                           0       0      0
  SINCE JAN 1        0                           0       0      0
...................................................................

WIND (MPH)
 HIGHEST WIND SPEED    21     HIGHEST WIND DIRECTION    160
 HIGHEST GUST SPEED    29     HIGHEST GUST DIRECTION    150
 AVERAGE WIND SPEED   3.4

WEATHER CONDITIONS
 THE FOLLOWING WEATHER WAS RECORDED YESTERDAY.
 FOG
 RAIN
...................................................................

THE MCGRATH CLIMATE NORMALS FOR TODAY
                           NORMAL    RECORD   YEAR
 MAXIMUM TEMPERATURE (F)     51        69     2014
 MINIMUM TEMPERATURE (F)     31        -2     2001

SUNRISE AND SUNSET
 MAY 3 2015..........SUNRISE  5:57 AM      SUNSET 10:45 PM
 MAY 4 2015..........SUNRISE  5:54 AM      SUNSET 10:48 PM

-  INDICATES NEGATIVE NUMBERS.
R  INDICATES RECORD HAS BEEN SET OR TIED.
MM INDICATES DATA IS MISSING.
T  INDICATES TRACE OF PRECIPITATION.

&&
-------------------------------------------------------------------

AMOUNT OF DAYLIGHT TODAY  (HOUR:MIN)........16 HOURS 48 MINUTES
GAIN SINCE YESTERDAY (HOUR:MIN:SEC)....+0:06:09

$$
ADJ MAY 15
