000
CDUS44 KBMX 270720
CLIMGM


CLIMATE REPORT
NATIONAL WEATHER SERVICE BIRMINGHAM, AL
219 AM CDT MON APR 27 2015


...................................

...THE MONTGOMERY CLIMATE SUMMARY FOR APRIL 26 2015...

CLIMATE NORMAL PERIOD 1981 TO 2010
CLIMATE RECORD PERIOD 1994 TO 2015


WEATHER ITEM   OBSERVED TIME   RECORD YEAR NORMAL DEPARTURE LAST
                VALUE   (LST)  VALUE       VALUE  FROM      YEAR
                                                  NORMAL
..................................................................
TEMPERATURE (F)
 YESTERDAY
  MAXIMUM         88R   356 PM  88    1989  79      9       86
                                      1985
                                      1960
  MINIMUM         63    548 AM  36    1910  55      8       55
  AVERAGE         76                        67      9       71

PRECIPITATION (IN)
  YESTERDAY        0.00          3.87 1908   0.11  -0.11     0.00
  MONTH TO DATE    5.79                      3.58   2.21     7.94
  SINCE MAR 1      7.79                      9.53  -1.74    13.46
  SINCE JAN 1     15.45                     19.46  -4.01    21.13

SNOWFALL (IN)
  YESTERDAY        0.0                       0.0    0.0      0.0
  MONTH TO DATE    0.0                       0.0    0.0      0.0
  SINCE MAR 1      0.0                       0.3   -0.3      0.0
  SINCE JUL 1      0.0                       0.4   -0.4      0.5
  SNOW DEPTH       0

DEGREE DAYS
 HEATING
  YESTERDAY        0                         2     -2        0
  MONTH TO DATE   11                        93    -82       59
  SINCE MAR 1    163                       348   -185      339
  SINCE JUL 1   2133                      2220    -87     2297

 COOLING
  YESTERDAY       11                         3      8        6
  MONTH TO DATE  147                        56     91       61
  SINCE MAR 1    218                        79    139       64
  SINCE JAN 1    218                        85    133       71
..................................................................


WIND (MPH)
  HIGHEST WIND SPEED    17   HIGHEST WIND DIRECTION     W (280)
  HIGHEST GUST SPEED    22   HIGHEST GUST DIRECTION     N (20)
  AVERAGE WIND SPEED     6.4


SKY COVER
  AVERAGE SKY COVER 0.1


WEATHER CONDITIONS
 THE FOLLOWING WEATHER WAS RECORDED YESTERDAY.
  FOG


RELATIVE HUMIDITY (PERCENT)
 HIGHEST    93          1200 AM
 LOWEST     31           200 PM
 AVERAGE    62

..........................................................


THE MONTGOMERY CLIMATE NORMALS FOR TODAY
                         NORMAL    RECORD    YEAR
 MAXIMUM TEMPERATURE (F)   79        90      1899
 MINIMUM TEMPERATURE (F)   55        41      1992
                                             1976


SUNRISE AND SUNSET
APRIL 27 2015.........SUNRISE   603 AM CDT   SUNSET   724 PM CDT
APRIL 28 2015.........SUNRISE   602 AM CDT   SUNSET   724 PM CDT


-  INDICATES NEGATIVE NUMBERS.
R  INDICATES RECORD WAS SET OR TIED.
MM INDICATES DATA IS MISSING.
T  INDICATES TRACE AMOUNT.




$$
