000
CDUS41 KPBZ 280711
CLIMGW


CLIMATE REPORT
NATIONAL WEATHER SERVICE PITTSBURGH PA
311 AM EDT TUE APR 28 2015


...................................

...THE MORGANTOWN WV CLIMATE SUMMARY FOR APRIL 27 2015...

CLIMATE NORMAL PERIOD 1981 TO 2010
CLIMATE RECORD PERIOD 1948 TO 2015


WEATHER ITEM   OBSERVED TIME   RECORD YEAR NORMAL DEPARTURE LAST
                VALUE   (LST)  VALUE       VALUE  FROM      YEAR
                                                  NORMAL
..................................................................
TEMPERATURE (F)
 YESTERDAY
  MAXIMUM         51    108 PM  89    2009  68    -17       67
  MINIMUM         34    552 AM  28    1971  45    -11       39
  AVERAGE         43                        56    -13       53

PRECIPITATION (IN)
  YESTERDAY        0.01         MM      MM   0.12  -0.11     0.00
  MONTH TO DATE    5.46                      3.17   2.29     2.35
  SINCE JUN 1     42.17                     36.87   5.30    38.71
  SINCE JAN 1     15.94                     12.23   3.71    10.28

DEGREE DAYS
 HEATING
  YESTERDAY       22                         9     13       12
  MONTH TO DATE  284                       354    -70      281
  SINCE MAR 1   1046                      1066    -20     1144
  SINCE JUL 1   5170                      4955    215     5270

 COOLING
  YESTERDAY        0                         1     -1        0
  MONTH TO DATE    8                         9     -1       18
  SINCE MAR 1      8                        11     -3       18
  SINCE JAN 1      8                        11     -3       18
..................................................................


WIND (MPH)
  HIGHEST WIND SPEED    14   HIGHEST WIND DIRECTION     N (350)
  HIGHEST GUST SPEED    21   HIGHEST GUST DIRECTION    NW (320)
  AVERAGE WIND SPEED     5.5


SKY COVER
  POSSIBLE SUNSHINE  MM
  AVERAGE SKY COVER 0.6


WEATHER CONDITIONS
 THE FOLLOWING WEATHER WAS RECORDED YESTERDAY.
  LIGHT RAIN


RELATIVE HUMIDITY (PERCENT)
 HIGHEST    75           500 AM
 LOWEST     46          1000 AM
 AVERAGE    61

..........................................................


THE MORGANTOWN WV CLIMATE NORMALS FOR TODAY
                         NORMAL    RECORD    YEAR
 MAXIMUM TEMPERATURE (F)   68        91      1986
 MINIMUM TEMPERATURE (F)   45        28      1947


SUNRISE AND SUNSET
APRIL 28 2015.........SUNRISE   625 AM EDT   SUNSET   810 PM EDT
APRIL 29 2015.........SUNRISE   623 AM EDT   SUNSET   811 PM EDT


-  INDICATES NEGATIVE NUMBERS.
R  INDICATES RECORD WAS SET OR TIED.
MM INDICATES DATA IS MISSING.
T  INDICATES TRACE AMOUNT.




$$
