000
CDUS46 KMFR 070036
CLIMHS


CLIMATE REPORT
NATIONAL WEATHER SERVICE MEDFORD, OR
536 PM PDT WED MAY 6 2015


...................................

...THE MT SHASTA CITY CA CLIMATE SUMMARY FOR MAY 6 2015...
VALID TODAY AS OF 0500 PM LOCAL TIME.

CLIMATE NORMAL PERIOD 1981 TO 2010
CLIMATE RECORD PERIOD 1908 TO 2015


WEATHER ITEM   OBSERVED TIME   RECORD YEAR NORMAL DEPARTURE LAST
                VALUE   (LST)  VALUE       VALUE  FROM      YEAR
                                                  NORMAL
..................................................................
TEMPERATURE (F)
 TODAY
  MAXIMUM         62    233 PM  88    1987  66     -4       62
  MINIMUM         39    548 AM  24    1933  37      2       40
                                      1984
  AVERAGE         51                        52     -1       51

PRECIPITATION (IN)
  TODAY            0.00          0.60 1927   0.07  -0.07     0.00
  MONTH TO DATE    0.00                      0.43  -0.43     0.06
  SINCE OCT 1     32.91                     38.82  -5.91    12.52
  SINCE JAN 1     13.39                     23.61 -10.22    11.41

SNOWFALL (IN)
  TODAY           MM                         0.0   MM       MM
  MONTH TO DATE   MM                         0.1   MM       MM
  SINCE JUL 1     MM                        91.6   MM        0.0
  SNOW DEPTH      MM

DEGREE DAYS
 HEATING
  TODAY           14                        13      1       14
  MONTH TO DATE   41                        82    -41       57
  SINCE MAR 1    995                      1322   -327     1080
  SINCE JUL 1   3961                      5297  -1336     4696

 COOLING
  TODAY            0                         0      0        0
  MONTH TO DATE    0                         0      0        0
  SINCE MAR 1      0                         0      0        1
  SINCE JAN 1      0                         0      0        1
..................................................................


WIND (MPH)
  HIGHEST WIND SPEED    16   HIGHEST WIND DIRECTION    NW (300)
  HIGHEST GUST SPEED    26   HIGHEST GUST DIRECTION     N (20)
  AVERAGE WIND SPEED     8.7


SKY COVER
  POSSIBLE SUNSHINE  MM
  AVERAGE SKY COVER 0.2


WEATHER CONDITIONS
 THE FOLLOWING WEATHER WAS RECORDED TODAY.
  NO SIGNIFICANT WEATHER WAS OBSERVED.


RELATIVE HUMIDITY (PERCENT)
 HIGHEST    76           600 AM
 LOWEST     10           300 PM

..........................................................


THE MT SHASTA CITY CA CLIMATE NORMALS FOR TOMORROW
                         NORMAL    RECORD    YEAR
 MAXIMUM TEMPERATURE (F)   67        87      1987
 MINIMUM TEMPERATURE (F)   38        20      1929


SUNRISE AND SUNSET
MAY  6 2015...........SUNRISE   601 AM PDT   SUNSET   812 PM PDT
MAY  7 2015...........SUNRISE   559 AM PDT   SUNSET   813 PM PDT


-  INDICATES NEGATIVE NUMBERS.
R  INDICATES RECORD WAS SET OR TIED.
MM INDICATES DATA IS MISSING.
T  INDICATES TRACE AMOUNT.




$$
