000
CDUS42 KMFL 270821
CLIMIA


CLIMATE REPORT
NATIONAL WEATHER SERVICE MIAMI, FL
421 AM EDT MON APR 27 2015


...................................

...THE MIAMI CLIMATE SUMMARY FOR APRIL 26 2015...

CLIMATE NORMAL PERIOD 1981 TO 2010
CLIMATE RECORD PERIOD 1895 TO 2015


WEATHER ITEM   OBSERVED TIME   RECORD YEAR NORMAL DEPARTURE LAST
                VALUE   (LST)  VALUE       VALUE  FROM      YEAR
                                                  NORMAL
..................................................................
TEMPERATURE (F)
 YESTERDAY
  MAXIMUM         96R   335 PM  93    1988  85     11       89
  MINIMUM         76    633 AM  55    1983  70      6       70
                                      1910
  AVERAGE         86                        77      9       80

PRECIPITATION (IN)
  YESTERDAY        0.00          2.85 1997   0.11  -0.11     0.00
  MONTH TO DATE    1.86                      2.76  -0.90     1.18
  SINCE NOV 1     10.92                     14.94  -4.02    17.26
  SINCE JAN 1      6.94                      9.63  -2.69     6.86

SNOWFALL (IN)
  YESTERDAY        0.0
  MONTH TO DATE    0.0
  SINCE MAR 1      0.0
  SINCE JUL 1      0.0
  SNOW DEPTH       0

DEGREE DAYS
 HEATING
  YESTERDAY        0                         0      0        0
  MONTH TO DATE    0                         0      0        0
  SINCE MAR 1      0                        11    -11        0
  SINCE JUL 1     76                       127    -51       61

 COOLING
  YESTERDAY       21                        12      9       15
  MONTH TO DATE  408                       274    134      312
  SINCE MAR 1    780                       521    259      589
  SINCE JAN 1   1119                       843    276     1010
..................................................................


WIND (MPH)
  HIGHEST WIND SPEED    21   HIGHEST WIND DIRECTION     W (250)
  HIGHEST GUST SPEED    31   HIGHEST GUST DIRECTION    SW (220)
  AVERAGE WIND SPEED    10.1


SKY COVER
  POSSIBLE SUNSHINE  85 PERCENT
  AVERAGE SKY COVER 0.1


WEATHER CONDITIONS
 THE FOLLOWING WEATHER WAS RECORDED YESTERDAY.
  NO SIGNIFICANT WEATHER WAS OBSERVED.


RELATIVE HUMIDITY (PERCENT)
 HIGHEST    87
 LOWEST     42
 AVERAGE    65

..........................................................


THE MIAMI CLIMATE NORMALS FOR TODAY
                         NORMAL    RECORD    YEAR
 MAXIMUM TEMPERATURE (F)   85        93      1988
 MINIMUM TEMPERATURE (F)   70        54      1937


SUNRISE AND SUNSET
APRIL 27 2015.........SUNRISE   648 AM EDT   SUNSET   750 PM EDT
APRIL 28 2015.........SUNRISE   647 AM EDT   SUNSET   751 PM EDT


-  INDICATES NEGATIVE NUMBERS.
R  INDICATES RECORD WAS SET OR TIED.
MM INDICATES DATA IS MISSING.
T  INDICATES TRACE AMOUNT.




$$
