000
CDUS42 KMLB 060635
CLIMLB


CLIMATE REPORT
NATIONAL WEATHER SERVICE MELBOURNE FL
235 AM EDT WED MAY 6 2015


...................................

...THE MELBOURNE CLIMATE SUMMARY FOR MAY 5 2015...

CLIMATE NORMAL PERIOD 1981 TO 2010
CLIMATE RECORD PERIOD 1939 TO 2015


WEATHER ITEM   OBSERVED TIME   RECORD YEAR NORMAL DEPARTURE LAST
                VALUE   (LST)  VALUE       VALUE  FROM      YEAR
                                                  NORMAL
..................................................................
TEMPERATURE (F)
 YESTERDAY
  MAXIMUM         80    144 PM  91    2006  84     -4       85
                                      1995
                                      1979
  MINIMUM         68    223 AM  48    1971  64      4       59
  AVERAGE         74                        74      0       72

PRECIPITATION (IN)
  YESTERDAY        0.54          0.59 2005   0.06   0.48     0.00
  MONTH TO DATE    0.55                      0.31   0.24     2.72
  SINCE MAR 1      4.72                      5.72  -1.00     8.31
  SINCE JAN 1     10.83                     10.52   0.31    15.37

SNOWFALL (IN)
  YESTERDAY        0.0
  MONTH TO DATE    0.0
  SINCE JUL 1      0.0

DEGREE DAYS
 HEATING
  YESTERDAY        0                         0      0        0
  MONTH TO DATE    0                         0      0        0
  SINCE MAR 1     14                        87    -73       52
  SINCE JUL 1    424                       576   -152      358

 COOLING
  YESTERDAY        9                         9      0        7
  MONTH TO DATE   41                        44     -3       46
  SINCE MAR 1    652                       321    331      389
  SINCE JAN 1    750                       419    331      557
..................................................................


WIND (MPH)
  HIGHEST WIND SPEED    20   HIGHEST WIND DIRECTION     E (70)
  HIGHEST GUST SPEED    25   HIGHEST GUST DIRECTION     E (100)
  AVERAGE WIND SPEED    12.2


SKY COVER
  AVERAGE SKY COVER 0.6


WEATHER CONDITIONS
 THE FOLLOWING WEATHER WAS RECORDED YESTERDAY.
  THUNDERSTORM
  HEAVY RAIN
  RAIN
  LIGHT RAIN
  FOG
  HAZE


RELATIVE HUMIDITY (PERCENT)
 HIGHEST    84          1200 AM
 LOWEST     58          1000 AM
 AVERAGE    71

..........................................................


THE MELBOURNE CLIMATE NORMALS FOR TODAY
                         NORMAL    RECORD    YEAR
 MAXIMUM TEMPERATURE (F)   84        92      2006
                                             1952
 MINIMUM TEMPERATURE (F)   65        49      1963


SUNRISE AND SUNSET
MAY  6 2015...........SUNRISE   639 AM EDT   SUNSET   800 PM EDT
MAY  7 2015...........SUNRISE   638 AM EDT   SUNSET   801 PM EDT


-  INDICATES NEGATIVE NUMBERS.
R  INDICATES RECORD WAS SET OR TIED.
MM INDICATES DATA IS MISSING.
T  INDICATES TRACE AMOUNT.




$$
