000
CDUS44 KSHV 270855
CLIMLU


CLIMATE REPORT
NATIONAL WEATHER SERVICE SHREVEPORT, LA
351 AM CDT MON APR 27 2015


...................................

...THE MONROE CLIMATE SUMMARY FOR APRIL 26 2015...

CLIMATE NORMAL PERIOD 1981 TO 2010
CLIMATE RECORD PERIOD 1930 TO 2015


WEATHER ITEM   OBSERVED TIME   RECORD YEAR NORMAL DEPARTURE LAST
                VALUE   (LST)  VALUE       VALUE  FROM      YEAR
                                                  NORMAL
..................................................................
TEMPERATURE (F)
 YESTERDAY
  MAXIMUM         89    254 PM  91    1989  81      8       88
  MINIMUM         62   1159 PM  44    1976  57      5       48
  AVERAGE         76                        69      7       68

PRECIPITATION (IN)
  YESTERDAY        T             3.72 2011   0.15  -0.15      T
  MONTH TO DATE    4.54                      3.91   0.63     7.88
  SINCE DEC 1     22.76                     23.56  -0.80    19.91
  SINCE JAN 1     18.28                     18.27   0.01    16.65

SNOWFALL (IN)
  YESTERDAY        0.0
  MONTH TO DATE    0.0
  SINCE MAR 1      0.4
  SINCE JUL 1      3.9
  SNOW DEPTH       0

DEGREE DAYS
 HEATING
  YESTERDAY        0                         1     -1        0
  MONTH TO DATE   35                        77    -42      106
  SINCE MAR 1    299                       327    -28      480
  SINCE JUL 1   2503                      2221    282     2806

 COOLING
  YESTERDAY       11                         5      6        3
  MONTH TO DATE  126                        82     44       57
  SINCE MAR 1    142                       114     28       64
  SINCE JAN 1    142                       125     17       66
..................................................................


WIND (MPH)
  HIGHEST WIND SPEED    20   HIGHEST WIND DIRECTION    NE (50)
  HIGHEST GUST SPEED    24   HIGHEST GUST DIRECTION    NE (60)
  AVERAGE WIND SPEED     5.8


SKY COVER
  POSSIBLE SUNSHINE  MM
  AVERAGE SKY COVER 0.1


WEATHER CONDITIONS
 THE FOLLOWING WEATHER WAS RECORDED YESTERDAY.
  FOG
  FOG W/VISIBILITY <= 1/4 MILE
  HAZE


RELATIVE HUMIDITY (PERCENT)
 HIGHEST   100           200 AM
 LOWEST     43           300 PM
 AVERAGE    72

..........................................................


THE MONROE CLIMATE NORMALS FOR TODAY
                         NORMAL    RECORD    YEAR
 MAXIMUM TEMPERATURE (F)   81        95      1987
 MINIMUM TEMPERATURE (F)   57        45      1992


SUNRISE AND SUNSET
APRIL 27 2015.........SUNRISE   626 AM CDT   SUNSET   746 PM CDT
APRIL 28 2015.........SUNRISE   625 AM CDT   SUNSET   747 PM CDT


-  INDICATES NEGATIVE NUMBERS.
R  INDICATES RECORD WAS SET OR TIED.
MM INDICATES DATA IS MISSING.
T  INDICATES TRACE AMOUNT.




$$
