000
CDUS46 KPQR 281143
CLIMMV


CLIMATE REPORT
NATIONAL WEATHER SERVICE PORTLAND OREGON
442 AM PDT TUE APR 28 2015


...................................

...THE MCMINNVILLE OR CLIMATE SUMMARY FOR APRIL 27 2015...

CLIMATE NORMAL PERIOD 1981 TO 2010
CLIMATE RECORD PERIOD 1894 TO 2015


WEATHER ITEM   OBSERVED TIME   RECORD YEAR NORMAL DEPARTURE LAST
                VALUE   (LST)  VALUE       VALUE  FROM      YEAR
                                                  NORMAL
..................................................................
TEMPERATURE (F)
 YESTERDAY
  MAXIMUM         80    544 PM  99    1926  63     17       55
  MINIMUM         49    436 AM  30    1984  40      9       41
  AVERAGE         65                        52     13       48

PRECIPITATION (IN)
  YESTERDAY        0.00          1.76 1962   0.08  -0.08     0.30
  MONTH TO DATE    1.50                      2.71  -1.21     3.42
  SINCE OCT 1     30.84                     33.31  -2.47    23.99
  SINCE JAN 1     14.60                     17.28  -2.68    19.03

DEGREE DAYS
 HEATING
  YESTERDAY        0                        13    -13       17
  MONTH TO DATE  400                       409     -9      368
  SINCE JUL 1   3310                      4360  -1050     4299

 COOLING
  YESTERDAY        0                         0      0        0
  MONTH TO DATE    0                         0      0        0
  SINCE JAN 1      0                         0      0        0
..................................................................


WIND (MPH)
  HIGHEST WIND SPEED    14   HIGHEST WIND DIRECTION    SW (230)
  HIGHEST GUST SPEED    18   HIGHEST GUST DIRECTION    SW (230)
  AVERAGE WIND SPEED     3.8


SKY COVER
  POSSIBLE SUNSHINE  MM
  AVERAGE SKY COVER 0.4


WEATHER CONDITIONS
 THE FOLLOWING WEATHER WAS RECORDED YESTERDAY.
  FOG


RELATIVE HUMIDITY (PERCENT)
 HIGHEST   100           400 AM
 LOWEST     48           400 PM
 AVERAGE    74

..........................................................


THE MCMINNVILLE OR CLIMATE NORMALS FOR TODAY
                         NORMAL    RECORD    YEAR
 MAXIMUM TEMPERATURE (F)   64        93      1926
 MINIMUM TEMPERATURE (F)   40        25      1973


SUNRISE AND SUNSET
APRIL 28 2015.........SUNRISE   506 AM PST   SUNSET   715 PM PST
APRIL 29 2015.........SUNRISE   505 AM PST   SUNSET   716 PM PST


-  INDICATES NEGATIVE NUMBERS.
R  INDICATES RECORD WAS SET OR TIED.
MM INDICATES DATA IS MISSING.
T  INDICATES TRACE AMOUNT.




$$
