000
CDUS44 KHUN 050709
CLIMSL


CLIMATE REPORT
NATIONAL WEATHER SERVICE HUNTSVILLE AL
208 AM CDT TUE MAY 5 2015


...................................

...THE MUSCLE SHOALS CLIMATE SUMMARY FOR MAY 4 2015...

CLIMATE NORMAL PERIOD 1981 TO 2010
CLIMATE RECORD PERIOD 1893 TO 2015


WEATHER ITEM   OBSERVED TIME   RECORD YEAR NORMAL DEPARTURE LAST
                VALUE   (LST)  VALUE       VALUE  FROM      YEAR
                                                  NORMAL
..................................................................
TEMPERATURE (F)
 YESTERDAY
  MAXIMUM         84    210 PM  91    1902  78      6       86
  MINIMUM         53    508 AM  34    1940  55     -2       50
  AVERAGE         69                        67      2       68

PRECIPITATION (IN)
  YESTERDAY        0.00          1.48 1944   0.16  -0.16     0.00
  MONTH TO DATE    0.00                      0.62  -0.62     0.00
  SINCE MAR 1     11.61                      9.73   1.88     9.22
  SINCE JAN 1     18.89                     19.00  -0.11    14.91

SNOWFALL (IN)
  YESTERDAY        0.0
  MONTH TO DATE    0.0
  SINCE MAR 1      0.7
  SINCE JUL 1      4.2
  SNOW DEPTH       0

DEGREE DAYS
 HEATING
  YESTERDAY        0                         2     -2        0
  MONTH TO DATE   10                         8      2       20
  SINCE MAR 1    453                       546    -93      602
  SINCE JUL 1   3224                      3081    143     3373

 COOLING
  YESTERDAY        4                         3      1        3
  MONTH TO DATE    4                        12     -8        3
  SINCE MAR 1     60                        76    -16       48
  SINCE JAN 1     60                        77    -17       48
..................................................................


WIND (MPH)
  HIGHEST WIND SPEED    14   HIGHEST WIND DIRECTION     S (160)
  HIGHEST GUST SPEED    17   HIGHEST GUST DIRECTION     S (160)
  AVERAGE WIND SPEED     3.1


SKY COVER
  POSSIBLE SUNSHINE  MM
  AVERAGE SKY COVER 0.1


WEATHER CONDITIONS
 THE FOLLOWING WEATHER WAS RECORDED YESTERDAY.
  NO SIGNIFICANT WEATHER WAS OBSERVED.


RELATIVE HUMIDITY (PERCENT)
 HIGHEST    89           500 AM
 LOWEST     28           200 PM
 AVERAGE    59

..........................................................


THE MUSCLE SHOALS CLIMATE NORMALS FOR TODAY
                         NORMAL    RECORD    YEAR
 MAXIMUM TEMPERATURE (F)   78        93      1952
                                             1902
 MINIMUM TEMPERATURE (F)   56        39      1973
                                             1903


SUNRISE AND SUNSET
MAY  5 2015...........SUNRISE   556 AM CDT   SUNSET   739 PM CDT
MAY  6 2015...........SUNRISE   555 AM CDT   SUNSET   739 PM CDT


-  INDICATES NEGATIVE NUMBERS.
R  INDICATES RECORD WAS SET OR TIED.
MM INDICATES DATA IS MISSING.
T  INDICATES TRACE AMOUNT.




$$
