000
CDUS43 KMPX 050103
CLIMSP


CLIMATE REPORT
NATIONAL WEATHER SERVICE CHANHASSEN MN
802 PM CDT MON MAY 4 2015


...................................

...THE TWIN CITIES MN CLIMATE SUMMARY FOR MAY 4 2015...
VALID TODAY AS OF 0800 PM LOCAL TIME.

CLIMATE NORMAL PERIOD 1981 TO 2010
CLIMATE RECORD PERIOD 1871 TO 2015


WEATHER ITEM   OBSERVED TIME   RECORD YEAR NORMAL DEPARTURE LAST
                VALUE   (LST)  VALUE       VALUE  FROM      YEAR
                                                  NORMAL
..................................................................
TEMPERATURE (F)
 TODAY
  MAXIMUM         72    426 PM  91    1952  66      6       57
  MINIMUM         50    533 AM  22    1967  45      5       36
  AVERAGE         61                        56      5       47

PRECIPITATION (IN)
  TODAY            0.00          1.01 1959   0.11  -0.11     0.00
  MONTH TO DATE    0.06                      0.44  -0.38     0.04
  SINCE MAR 1      3.15                      4.99  -1.84     7.13
  SINCE JAN 1      3.84                      6.66  -2.82     9.96

SNOWFALL (IN)
  TODAY            0.0           2.0  1890   0.0    0.0      0.0
  MONTH TO DATE    0.0                       0.0    0.0      0.0
  SINCE MAR 1      7.1                      12.7   -5.6     11.7
  SINCE JUL 1     32.4                      54.4  -22.0     69.8
  SNOW DEPTH       0

DEGREE DAYS
 HEATING
  TODAY            4                        10     -6       18
  MONTH TO DATE   11                        42    -31       68
  SINCE MAR 1   1368                      1570   -202     1947
  SINCE JUL 1   7333                      7360    -27     8400

 COOLING
  TODAY            0                         1     -1        0
  MONTH TO DATE    6                         2      4        0
  SINCE MAR 1      6                         7     -1        0
  SINCE JAN 1      6                         7     -1        0
..................................................................


WIND (MPH)
  HIGHEST WIND SPEED    18   HIGHEST WIND DIRECTION    NE (50)
  HIGHEST GUST SPEED    25   HIGHEST GUST DIRECTION    NE (40)
  AVERAGE WIND SPEED     9.5


SKY COVER
  POSSIBLE SUNSHINE  MM
  AVERAGE SKY COVER 0.5


WEATHER CONDITIONS
 THE FOLLOWING WEATHER WAS RECORDED TODAY.
  NO SIGNIFICANT WEATHER WAS OBSERVED.


RELATIVE HUMIDITY (PERCENT)
 HIGHEST    67          1200 AM
 LOWEST     17           500 PM
 AVERAGE    42

..........................................................


THE TWIN CITIES MN CLIMATE NORMALS FOR TOMORROW
                         NORMAL    RECORD    YEAR
 MAXIMUM TEMPERATURE (F)   66        89      2000
 MINIMUM TEMPERATURE (F)   45        27      1989


SUNRISE AND SUNSET
MAY  4 2015...........SUNRISE   558 AM CDT   SUNSET   822 PM CDT
MAY  5 2015...........SUNRISE   557 AM CDT   SUNSET   823 PM CDT


-  INDICATES NEGATIVE NUMBERS.
R  INDICATES RECORD WAS SET OR TIED.
MM INDICATES DATA IS MISSING.
T  INDICATES TRACE AMOUNT.




$$
