000
CDUS41 KBTV 250539
CLIMVL


CLIMATE REPORT
NATIONAL WEATHER SERVICE BURLINGTON VT
129 AM EDT SAT APR 25 2015


...................................

...THE MORRISVILLE VT CLIMATE SUMMARY FOR APRIL 24 2015...

CLIMATE NORMAL PERIOD 1981 TO 2010
CLIMATE RECORD PERIOD 9999 TO 9999


WEATHER ITEM   OBSERVED TIME   NORMAL DEPARTURE LAST
                VALUE   (LST)  VALUE  FROM      YEAR
                                      NORMAL
......................................................
TEMPERATURE (F)
 YESTERDAY
  MAXIMUM         35    359 PM  59    -24       50
  MINIMUM         32   1159 PM  33     -1       31
  AVERAGE         34            46    -12       41

PRECIPITATION (IN)
  YESTERDAY        T             0.07  -0.07     0.00
  MONTH TO DATE    1.15          1.95  -0.80     2.16
  SINCE MAR 1      1.50          3.62  -2.12     4.83
  SINCE JAN 1      2.62          7.90  -5.28     9.43

DEGREE DAYS
 HEATING
  YESTERDAY       31            19     12       24
  MONTH TO DATE  593           587      6      582
  SINCE MAR 1   1889          1714    175     2034
  SINCE JUL 1   7571          7674   -103     8088

 COOLING
  YESTERDAY        0             0      0        0
  MONTH TO DATE    0             0      0        0
  SINCE MAR 1      0             0      0        0
  SINCE JAN 1      0             0      0        0
......................................................


WIND (MPH)
  HIGHEST WIND SPEED    18   HIGHEST WIND DIRECTION     N (340)
  HIGHEST GUST SPEED    28   HIGHEST GUST DIRECTION     N (340)
  AVERAGE WIND SPEED     8.7


SKY COVER
  AVERAGE SKY COVER 1.0


WEATHER CONDITIONS
 THE FOLLOWING WEATHER WAS RECORDED YESTERDAY.
  LIGHT SNOW
  FOG


RELATIVE HUMIDITY (PERCENT)
 HIGHEST    89          1200 AM
 LOWEST     56           900 PM
 AVERAGE    73

..........................................................


THE MORRISVILLE VT CLIMATE NORMALS FOR TODAY
                         NORMAL    RECORD    YEAR
 MAXIMUM TEMPERATURE (F)   59        85      2009
 MINIMUM TEMPERATURE (F)   34        24      1999


SUNRISE AND SUNSET
APRIL 25 2015.........SUNRISE   550 AM EDT   SUNSET   747 PM EDT
APRIL 26 2015.........SUNRISE   549 AM EDT   SUNSET   748 PM EDT


-  INDICATES NEGATIVE NUMBERS.
R  INDICATES RECORD WAS SET OR TIED.
MM INDICATES DATA IS MISSING.
T  INDICATES TRACE AMOUNT.




$$
