000
CDUS45 KBOI 180931
CLIMYL


CLIMATE REPORT
NATIONAL WEATHER SERVICE BOISE ID
330 AM MDT SAT APR 18 2015


...................................

...THE MCCALL ID CLIMATE SUMMARY FOR APRIL 17 2015...

CLIMATE NORMAL PERIOD 1981 TO 2010
CLIMATE RECORD PERIOD 1930 TO 2015


WEATHER ITEM   OBSERVED TIME   RECORD YEAR NORMAL DEPARTURE LAST
                VALUE   (LST)  VALUE       VALUE  FROM      YEAR
                                                  NORMAL
..................................................................
TEMPERATURE (F)
 YESTERDAY
  MAXIMUM         65    516 PM  74    1994  49     16       58
  MINIMUM         25    534 AM  11    1972  25      0       28
  AVERAGE         45                        37      8       43

PRECIPITATION (IN)
  YESTERDAY        0.00          0.74 1958   0.06  -0.06     0.11
  MONTH TO DATE    0.58                      1.13  -0.55     0.50
  SINCE OCT 1     15.32                     12.98   2.34    15.52
  SINCE JAN 1      6.56                      6.80  -0.24    11.45

DEGREE DAYS
 HEATING
  YESTERDAY       20                        28     -8       22
  MONTH TO DATE  478                       512    -34      445
  SINCE MAR 1   1296                      1626   -330     1457
  SINCE JUL 1   6667                      8301  -1634     7451

 COOLING
  YESTERDAY        0                         0      0        0
  MONTH TO DATE    0                         0      0        0
  SINCE MAR 1      0                         0      0        0
  SINCE JAN 1      0                         0      0        0
..................................................................


WIND (MPH)
  HIGHEST WIND SPEED    15   HIGHEST WIND DIRECTION     W (290)
  HIGHEST GUST SPEED    20   HIGHEST GUST DIRECTION     W (260)
  AVERAGE WIND SPEED     4.2


SKY COVER
  AVERAGE SKY COVER 0.0


WEATHER CONDITIONS
 THE FOLLOWING WEATHER WAS RECORDED YESTERDAY.
  NO SIGNIFICANT WEATHER WAS OBSERVED.


RELATIVE HUMIDITY (PERCENT)
 HIGHEST    85           300 AM
 LOWEST     17           200 PM
 AVERAGE    51

..........................................................


THE MCCALL ID CLIMATE NORMALS FOR TODAY
                         NORMAL    RECORD    YEAR
 MAXIMUM TEMPERATURE (F)   49        79      1994
 MINIMUM TEMPERATURE (F)   26        11      1982


SUNRISE AND SUNSET
APRIL 18 2015.........SUNRISE   655 AM MDT   SUNSET   833 PM MDT
APRIL 19 2015.........SUNRISE   653 AM MDT   SUNSET   835 PM MDT


-  INDICATES NEGATIVE NUMBERS.
R  INDICATES RECORD WAS SET OR TIED.
MM INDICATES DATA IS MISSING.
T  INDICATES TRACE AMOUNT.




$$
