000
CDUS46 KMTR 020027
CLINUQ


CLIMATE REPORT
NATIONAL WEATHER SERVICE SAN FRANCISCO BAY AREA
527 PM PDT WED APR 1 2015


...................................

...THE MOFFETT FIELD CLIMATE SUMMARY FOR APRIL 1 2015...
VALID TODAY AS OF 0500 PM LOCAL TIME.

CLIMATE NORMAL PERIOD 1981 TO 2010
CLIMATE RECORD PERIOD 1945 TO 2015


WEATHER ITEM   OBSERVED TIME   RECORD YEAR NORMAL DEPARTURE LAST
                VALUE   (LST)  VALUE       VALUE  FROM      YEAR
                                                  NORMAL
..................................................................
TEMPERATURE (F)
 TODAY
  MAXIMUM         66    208 PM  83    2000  67     -1       60
  MINIMUM         47    507 AM  36    1951  48     -1       45
  AVERAGE         57                        57      0       53

PRECIPITATION (IN)
  TODAY            0.00          0.71 1968   0.04  -0.04     0.36
  MONTH TO DATE    0.00                      0.04  -0.04     0.36
  SINCE OCT 1     12.60                     12.96  -0.36     5.44
  SINCE JAN 1      2.61                      8.12  -5.51     4.68

DEGREE DAYS
 HEATING
  TODAY            8                                        12
  MONTH TO DATE    8                                        12
  SINCE MAR 1    161                                       166
  SINCE JUL 1   1266                                      1624

 COOLING
  TODAY            0                                         0
  MONTH TO DATE    0                                         0
  SINCE MAR 1      8                                         4
  SINCE JAN 1      8                                         4
..................................................................


WIND (MPH)
  RESULTANT WIND SPEED   6   RESULTANT WIND DIRECTION  NW (330)
  HIGHEST WIND SPEED    21   HIGHEST WIND DIRECTION     N (350)
  HIGHEST GUST SPEED    24   HIGHEST GUST DIRECTION     N (350)
  AVERAGE WIND SPEED     7.5


SKY COVER
  POSSIBLE SUNSHINE  MM
  AVERAGE SKY COVER 0.0


WEATHER CONDITIONS
 THE FOLLOWING WEATHER WAS RECORDED TODAY.
  NO SIGNIFICANT WEATHER WAS OBSERVED.


RELATIVE HUMIDITY (PERCENT)
 HIGHEST    61           300 AM
 LOWEST     34          1200 PM
 AVERAGE    48

..........................................................


THE MOFFETT FIELD CLIMATE NORMALS FOR TOMORROW
                         NORMAL    RECORD    YEAR
 MAXIMUM TEMPERATURE (F)   67        86      1985
 MINIMUM TEMPERATURE (F)   48        38      1999


SUNRISE AND SUNSET
APRIL  1 2015.........SUNRISE   654 AM PDT   SUNSET   731 PM PDT
APRIL  2 2015.........SUNRISE   652 AM PDT   SUNSET   732 PM PDT


-  INDICATES NEGATIVE NUMBERS.
R  INDICATES RECORD WAS SET OR TIED.
MM INDICATES DATA IS MISSING.
T  INDICATES TRACE AMOUNT.




$$
