000
CDUS41 KOKX 210621
CLINYC


CLIMATE REPORT
NATIONAL WEATHER SERVICE NEW YORK NY
221 AM EDT TUE APR 21 2015


...................................

...THE CENTRAL PARK NY CLIMATE SUMMARY FOR APRIL 20 2015...

CLIMATE NORMAL PERIOD 1981 TO 2010
CLIMATE RECORD PERIOD 1869 TO 2015


WEATHER ITEM   OBSERVED TIME   RECORD YEAR NORMAL DEPARTURE LAST
                VALUE   (LST)  VALUE       VALUE  FROM      YEAR
                                                  NORMAL
..................................................................
TEMPERATURE (F)
 YESTERDAY
  MAXIMUM         57   1240 PM  90    1927  63     -6       60
  MINIMUM         46    505 AM  24    1897  46      0       45
  AVERAGE         52                        55     -3       53

PRECIPITATION (IN)
  YESTERDAY        1.37          1.96 1893   0.14   1.23     0.00
  MONTH TO DATE    1.83                      3.10  -1.27     1.90
  SINCE MAR 1      6.55                      7.46  -0.91     5.57
  SINCE JAN 1     13.82                     14.20  -0.38    13.84

SNOWFALL (IN)
  YESTERDAY        0.0           T    1953   0.0    0.0      0.0
                                      2000
                                      2000
  MONTH TO DATE    0.0                       0.6   -0.6       T
  SINCE OCT 1     50.3                      25.8   24.5     57.4
  SINCE JUL 1     50.3                      25.8   24.5     57.4
  SNOW DEPTH       0

DEGREE DAYS
 HEATING
  YESTERDAY       13                        11      2       12
  MONTH TO DATE  224                       279    -55      262
  SINCE MAR 1   1050                       979     71     1104
  SINCE JUL 1   4809                      4501    308     4774

 COOLING
  YESTERDAY        0                         0      0        0
  MONTH TO DATE    5                         0      5        4
  SINCE MAR 1      5                         1      4        4
  SINCE JAN 1      5                         1      4        4
..................................................................


WIND (MPH)
  HIGHEST WIND SPEED    16   HIGHEST WIND DIRECTION    SE (130)
  HIGHEST GUST SPEED    27   HIGHEST GUST DIRECTION     E (110)
  AVERAGE WIND SPEED     7.4


SKY COVER
  AVERAGE SKY COVER 1.0


WEATHER CONDITIONS
 THE FOLLOWING WEATHER WAS RECORDED YESTERDAY.
  HEAVY RAIN
  RAIN
  LIGHT RAIN
  FOG


RELATIVE HUMIDITY (PERCENT)
 HIGHEST   100           200 PM
 LOWEST     66          1200 AM
 AVERAGE    83

..........................................................


THE CENTRAL PARK NY CLIMATE NORMALS FOR TODAY
                         NORMAL    RECORD    YEAR
 MAXIMUM TEMPERATURE (F)   63        87      1923
 MINIMUM TEMPERATURE (F)   47        26      1875


SUNRISE AND SUNSET
APRIL 21 2015.........SUNRISE   609 AM EDT   SUNSET   741 PM EDT
APRIL 22 2015.........SUNRISE   607 AM EDT   SUNSET   742 PM EDT


-  INDICATES NEGATIVE NUMBERS.
R  INDICATES RECORD WAS SET OR TIED.
MM INDICATES DATA IS MISSING.
T  INDICATES TRACE AMOUNT.




$$
