000
CDUS45 KPSR 040849
CLINYL

CDUS45 KPSR DDHHMM
CLINYL

CLIMATE REPORT
NATIONAL WEATHER SERVICE PHOENIX AZ
148 AM MST MON MAY 4 2015

...................................

...THE YUMA AZ CLIMATE SUMMARY FOR MAY 3 2015...

CLIMATE NORMAL PERIOD 1981 TO 2010
CLIMATE RECORD PERIOD 1876 TO 2015


WEATHER ITEM   OBSERVED TIME   RECORD YEAR NORMAL DEPARTURE LAST
                VALUE   (LST)  VALUE       VALUE  FROM      YEAR
                                                  NORMAL
..................................................................
TEMPERATURE (F)
 YESTERDAY
  MAXIMUM         94    306 PM 115    1947  91      3      103
  MINIMUM         72    627 AM  44    1915  64      8       68
  AVERAGE         83                        78      5       86

PRECIPITATION (IN)
  YESTERDAY        0.00          0.03 1890   0.00   0.00     0.00
  MONTH TO DATE    0.00                      0.01  -0.01     0.00
  SINCE OCT 1      0.95                      2.19  -1.24     1.18
  SINCE JAN 1      0.51                      1.25  -0.74     0.07

DEGREE DAYS
 HEATING
  YESTERDAY        0                         0      0        0
  MONTH TO DATE    0                         0      0        0
  SINCE MAR 1     23                        63    -40        9
  SINCE JUL 1     83                       686   -603      370

 COOLING
  YESTERDAY       18                        13      5       21
  MONTH TO DATE   58                        38     20       55
  SINCE MAR 1    637                       408    229      553
  SINCE JAN 1    748                       444    304      667
..................................................................


WIND (MPH)
  HIGHEST WIND SPEED    21   HIGHEST WIND DIRECTION     S (200)
  HIGHEST GUST SPEED    27   HIGHEST GUST DIRECTION     S (190)
  AVERAGE WIND SPEED    12.4


SKY COVER
  AVERAGE SKY COVER 0.0


WEATHER CONDITIONS
 THE FOLLOWING WEATHER WAS RECORDED YESTERDAY.
  NO SIGNIFICANT WEATHER WAS OBSERVED.


RELATIVE HUMIDITY (PERCENT)
 HIGHEST    61
 LOWEST     20
 AVERAGE    41

..........................................................


THE YUMA AZ CLIMATE NORMALS FOR TODAY
                         NORMAL    RECORD    YEAR
 MAXIMUM TEMPERATURE (F)   92       108      1947
 MINIMUM TEMPERATURE (F)   65        45      1899


SUNRISE AND SUNSET
MAY  4 2015...........SUNRISE   549 AM MST   SUNSET   722 PM MST
MAY  5 2015...........SUNRISE   548 AM MST   SUNSET   723 PM MST


-  INDICATES NEGATIVE NUMBERS.
R  INDICATES RECORD WAS SET OR TIED.
MM INDICATES DATA IS MISSING.
T  INDICATES TRACE AMOUNT.

$$
