000
CDUS43 KOAX 182140
CLIOFK


CLIMATE REPORT
NATIONAL WEATHER SERVICE OMAHA NEBRASKA
439 PM CDT SAT APR 18 2015


...................................

...THE NORFOLK, NEBRASKA CLIMATE SUMMARY FOR APRIL 18 2015...
VALID TODAY AS OF 0400 PM LOCAL TIME.

CLIMATE NORMAL PERIOD 1981 TO 2010
CLIMATE RECORD PERIOD 1888 TO 2015


WEATHER ITEM   OBSERVED TIME   RECORD YEAR NORMAL DEPARTURE LAST
                VALUE   (LST)  VALUE       VALUE  FROM      YEAR
                                                  NORMAL
..................................................................
TEMPERATURE (F)
 TODAY
  MAXIMUM         66    212 PM  93    1994  63      3       70
  MINIMUM         56   1008 AM  19    1953  38     18       32
  AVERAGE         61                        51     10       51

PRECIPITATION (IN)
  TODAY            0.53          1.05 1925   0.09   0.44     0.00
  MONTH TO DATE    1.91                      1.47   0.44     1.46
  SINCE MAR 1      2.73                      3.24  -0.51     1.83
  SINCE JAN 1      3.61                      4.59  -0.98     2.39

SNOWFALL (IN)
  TODAY            0.0                       0.1   -0.1      0.0
  MONTH TO DATE    0.2                       1.9   -1.7      4.5
  SINCE JUL 1     20.7                      29.8   -9.1     19.9
  SNOW DEPTH       0

DEGREE DAYS
 HEATING
  TODAY            4                        15    -11       14
  MONTH TO DATE  210                       323   -113      347
  SINCE MAR 1    893                      1179   -286     1291
  SINCE JUL 1   5939                      6272   -333     6641

 COOLING
  TODAY            0                         0      0        0
  MONTH TO DATE    5                         0      5        0
  SINCE MAR 1      5                         0      5        0
  SINCE JAN 1      5                         0      5        0
..................................................................


WIND (MPH)
  HIGHEST WIND SPEED    17   HIGHEST WIND DIRECTION    SW (210)
  HIGHEST GUST SPEED    22   HIGHEST GUST DIRECTION     S (200)
  AVERAGE WIND SPEED    MM


SKY COVER
  POSSIBLE SUNSHINE  MM
  AVERAGE SKY COVER  MM


WEATHER CONDITIONS
 THE FOLLOWING WEATHER WAS RECORDED TODAY.
  NO SIGNIFICANT WEATHER WAS OBSERVED.


RELATIVE HUMIDITY (PERCENT)
 HIGHEST    MM
 LOWEST     MM
 AVERAGE    MM

..........................................................


THE NORFOLK, NEBRASKA CLIMATE NORMALS FOR TOMORROW
                         NORMAL    RECORD    YEAR
 MAXIMUM TEMPERATURE (F)   63        90      1987
 MINIMUM TEMPERATURE (F)   39        13      1907


SUNRISE AND SUNSET
APRIL 18 2015.........SUNRISE   645 AM CDT   SUNSET   814 PM CDT
APRIL 19 2015.........SUNRISE   643 AM CDT   SUNSET   815 PM CDT


-  INDICATES NEGATIVE NUMBERS.
R  INDICATES RECORD WAS SET OR TIED.
MM INDICATES DATA IS MISSING.
T  INDICATES TRACE AMOUNT.




$$
