000
CDUS43 KEAX 190031
CLIOJC


CLIMATE REPORT
NATIONAL WEATHER SERVICE KANSAS CITY/PLEASANT HILL MO
731 PM CDT SAT APR 18 2015


...................................

...THE JOHNSON COUNTY EXECUTIVE KS CLIMATE SUMMARY FOR APRIL 18 2015...
VALID TODAY AS OF 0700 PM LOCAL TIME.

CLIMATE NORMAL PERIOD 1981 TO 2010
CLIMATE RECORD PERIOD 9999 TO 9999


WEATHER ITEM   OBSERVED TIME   NORMAL DEPARTURE LAST
                VALUE   (LST)  VALUE  FROM      YEAR
                                      NORMAL
......................................................
TEMPERATURE (F)
 TODAY
  MAXIMUM         65   1229 AM  66     -1       66
  MINIMUM         60   1252 PM  46     14       32
  AVERAGE         63            56      7       49

PRECIPITATION (IN)
  TODAY            0.27          0.13   0.14     0.00
  MONTH TO DATE    2.65          2.04   0.61     1.76
  SINCE MAR 1      3.51          4.67  -1.16     2.55
  SINCE JAN 1      5.10          7.36  -2.26     3.04

DEGREE DAYS
 HEATING
  TODAY            2            10     -8       16
  MONTH TO DATE  117           221   -104      270
  SINCE MAR 1    654           845   -191     1026
  SINCE JUL 1   4689          4738    -49     5507

 COOLING
  TODAY            0             1     -1        0
  MONTH TO DATE    7            10     -3        3
  SINCE MAR 1      9            11     -2        3
  SINCE JAN 1      9            11     -2        3
......................................................


WIND (MPH)
  HIGHEST WIND SPEED    17   HIGHEST WIND DIRECTION    SW (240)
  HIGHEST GUST SPEED    23   HIGHEST GUST DIRECTION    SW (240)
  AVERAGE WIND SPEED     5.7


SKY COVER
  AVERAGE SKY COVER 0.6


WEATHER CONDITIONS
 THE FOLLOWING WEATHER WAS RECORDED TODAY.
  THUNDERSTORM
  LIGHT RAIN
  FOG


RELATIVE HUMIDITY (PERCENT)
 HIGHEST    97           100 PM
 LOWEST     84          1200 AM
 AVERAGE    91

..........................................................


THE JOHNSON COUNTY EXECUTIVE KS CLIMATE NORMALS FOR TOMORROW
                         NORMAL
 MAXIMUM TEMPERATURE (F)   66
 MINIMUM TEMPERATURE (F)   46


SUNRISE AND SUNSET
APRIL 18 2015.........SUNRISE   639 AM CDT   SUNSET   759 PM CDT
APRIL 19 2015.........SUNRISE   637 AM CDT   SUNSET   800 PM CDT


-  INDICATES NEGATIVE NUMBERS.
R  INDICATES RECORD WAS SET OR TIED.
MM INDICATES DATA IS MISSING.
T  INDICATES TRACE AMOUNT.




$$
