000
CDUS46 KSGX 250017
CLIOKB


CLIMATE REPORT
NATIONAL WEATHER SERVICE SAN DIEGO, CA
517 PM PDT FRI APR 24 2015


...................................

...THE OCEANSIDE AIRPORT CA CLIMATE SUMMARY FOR APRIL 24 2015...
VALID TODAY AS OF 0500 PM LOCAL TIME.

CLIMATE NORMAL PERIOD 1981 TO 2010
CLIMATE RECORD PERIOD 1999 TO 2015


WEATHER ITEM   OBSERVED TIME   RECORD YEAR NORMAL DEPARTURE LAST
                VALUE   (LST)  VALUE       VALUE  FROM      YEAR
                                                  NORMAL
..................................................................
TEMPERATURE (F)
 TODAY
  MAXIMUM         66    359 PM  80    2001  69     -3       73
  MINIMUM         59    643 AM  43    2006  50      9       46
  AVERAGE         63                        60      3       60

PRECIPITATION (IN)
  TODAY            T             0.17 2002   0.03  -0.03     0.00
  MONTH TO DATE    T                         0.82  -0.82     0.30
  SINCE OCT 1      5.88                     12.63  -6.75     4.16
  SINCE JAN 1      1.48                      8.75  -7.27     2.57

SNOWFALL (IN)
  TODAY            0.0
  MONTH TO DATE    0.0
  SINCE MAR 1      0.0
  SINCE JUL 1      0.0
  SNOW DEPTH       0

DEGREE DAYS
 HEATING
  TODAY            2                         6     -4        5
  MONTH TO DATE  115                       165    -50      134
  SINCE MAR 1    239                       455   -216      302
  SINCE JUL 1   1113                      1863   -750     1474

 COOLING
  TODAY            0                         0      0        0
  MONTH TO DATE    0                         0      0        2
  SINCE MAR 1     31                         1     30        4
  SINCE JAN 1     31                         1     30        4
..................................................................


WIND (MPH)
  RESULTANT WIND SPEED   2   RESULTANT WIND DIRECTION  SW (230)
  HIGHEST WIND SPEED    14   HIGHEST WIND DIRECTION    SW (230)
  HIGHEST GUST SPEED    17   HIGHEST GUST DIRECTION    SW (210)
  AVERAGE WIND SPEED     3.8


SKY COVER
  POSSIBLE SUNSHINE  MM
  AVERAGE SKY COVER 1.0


WEATHER CONDITIONS
 THE FOLLOWING WEATHER WAS RECORDED TODAY.
  LIGHT RAIN


RELATIVE HUMIDITY (PERCENT)
 HIGHEST    84           100 PM
 LOWEST     63           300 PM
 AVERAGE    74

..........................................................


THE OCEANSIDE AIRPORT CA CLIMATE NORMALS FOR TOMORROW
                         NORMAL    RECORD    YEAR
 MAXIMUM TEMPERATURE (F)   69        84      2008
 MINIMUM TEMPERATURE (F)   51        43      2006


SUNRISE AND SUNSET
APRIL 24 2015.........SUNRISE   609 AM PDT   SUNSET   726 PM PDT
APRIL 25 2015.........SUNRISE   608 AM PDT   SUNSET   727 PM PDT


-  INDICATES NEGATIVE NUMBERS.
R  INDICATES RECORD WAS SET OR TIED.
MM INDICATES DATA IS MISSING.
T  INDICATES TRACE AMOUNT.




$$
