000
CDUS44 KOUN 180628
CLIOKC

CLIMATE REPORT
NATIONAL WEATHER SERVICE NORMAN OK
127 AM CDT SAT APR 18 2015


...................................

...THE OKLAHOMA CITY CLIMATE SUMMARY FOR APRIL 17 2015...

CLIMATE NORMAL PERIOD 1981 TO 2010
CLIMATE RECORD PERIOD 1890 TO 2015


WEATHER ITEM   OBSERVED TIME   RECORD YEAR NORMAL DEPARTURE LAST
                VALUE   (LST)  VALUE       VALUE  FROM      YEAR
                                                  NORMAL
..................................................................
TEMPERATURE (F)
 YESTERDAY
  MAXIMUM         75    144 PM  98    2006  73      2       61
  MINIMUM         58    630 AM  30    1921  50      8       47
  AVERAGE         67                        61      6       54

PRECIPITATION (IN)
  YESTERDAY        0.07          2.42 2013   0.10  -0.03      T
  MONTH TO DATE    1.61                      1.53   0.08     0.57
  SINCE JAN 1      6.44                      7.56  -1.12     2.26

SNOWFALL (IN)
  YESTERDAY        0.0           T    1901   0.0    0.0      0.0
  MONTH TO DATE    0.0                       0.0    0.0       T
  SINCE JUL 1     13.6                       7.6    6.0     10.2
  SNOW DEPTH       0

DEGREE DAYS
 HEATING
  YESTERDAY        0                         5     -5       11
  MONTH TO DATE   60                       123    -63      129
  SINCE JUL 1   3191                      3282    -91     3731

 COOLING
  YESTERDAY        2                         2      0        0
  MONTH TO DATE   45                        22     23       26
  SINCE JAN 1     55                        35     20       37
..................................................................


WIND (MPH)
  HIGHEST WIND SPEED    26   HIGHEST WIND DIRECTION     N (340)
  HIGHEST GUST SPEED    33   HIGHEST GUST DIRECTION     N (340)
  AVERAGE WIND SPEED     8.5


SKY COVER
  AVERAGE SKY COVER 0.9


WEATHER CONDITIONS
 THE FOLLOWING WEATHER WAS RECORDED YESTERDAY.
  THUNDERSTORM
  LIGHT RAIN


RELATIVE HUMIDITY (PERCENT)
 HIGHEST    84          1200 AM
 LOWEST     49           200 PM
 AVERAGE    67

..........................................................


THE OKLAHOMA CITY CLIMATE NORMALS FOR TODAY
                         NORMAL    RECORD    YEAR
 MAXIMUM TEMPERATURE (F)   73        96      1925
 MINIMUM TEMPERATURE (F)   50        30      1953


SUNRISE AND SUNSET
APRIL 18 2015.........SUNRISE   654 AM CDT   SUNSET   806 PM CDT
APRIL 19 2015.........SUNRISE   653 AM CDT   SUNSET   806 PM CDT


-  INDICATES NEGATIVE NUMBERS.
R  INDICATES RECORD WAS SET OR TIED.
MM INDICATES DATA IS MISSING.
T  INDICATES TRACE AMOUNT.




$$
