000
CDUS46 KSEW 270829
CLIOLM


CLIMATE REPORT
NATIONAL WEATHER SERVICE SEATTLE WA
129 AM PDT MON APR 27 2015


...................................

...THE OLYMPIA WA AIRPORT CLIMATE SUMMARY FOR APRIL 26 2015...

CLIMATE NORMAL PERIOD 1981 TO 2010
CLIMATE RECORD PERIOD 1948 TO 2015


WEATHER ITEM   OBSERVED TIME   RECORD YEAR NORMAL DEPARTURE LAST
                VALUE   (LST)  VALUE       VALUE  FROM      YEAR
                                                  NORMAL
..................................................................
TEMPERATURE (F)
 YESTERDAY
  MAXIMUM         59    343 PM  82    2004  61     -2       57
  MINIMUM         32    333 AM  27    2008  39     -7       35
                                      1984
                                      1976
  AVERAGE         46                        50     -4       46

PRECIPITATION (IN)
  YESTERDAY        T             0.69 1985   0.10  -0.10     0.39
  MONTH TO DATE    1.87                      3.18  -1.31     3.97
  SINCE OCT 1     38.80                     42.27  -3.47    35.02
  SINCE JAN 1     19.77                     21.58  -1.81    26.18

DEGREE DAYS
 HEATING
  YESTERDAY       19                        15      4       19
  MONTH TO DATE  446                       442      4      409
  SINCE MAR 1    971                      1078   -107      986
  SINCE JUL 1   4006                      4800   -794     4769

 COOLING
  YESTERDAY        0                         0      0        0
  MONTH TO DATE    0                         0      0        0
  SINCE MAR 1      0                         0      0        0
  SINCE JAN 1      0                         0      0        0
..................................................................


WIND (MPH)
  RESULTANT WIND SPEED   5   RESULTANT WIND DIRECTION   S (200)
  HIGHEST WIND SPEED    16   HIGHEST WIND DIRECTION     S (170)
  HIGHEST GUST SPEED    20   HIGHEST GUST DIRECTION     S (180)
  AVERAGE WIND SPEED     5.5


SKY COVER
  AVERAGE SKY COVER 0.8


WEATHER CONDITIONS
 THE FOLLOWING WEATHER WAS RECORDED YESTERDAY.
  LIGHT RAIN
  FOG


RELATIVE HUMIDITY (PERCENT)
 HIGHEST   100           100 AM
 LOWEST     47           100 PM
 AVERAGE    74

..........................................................


THE OLYMPIA WA AIRPORT CLIMATE NORMALS FOR TODAY
                         NORMAL    RECORD    YEAR
 MAXIMUM TEMPERATURE (F)   61        87      1987
 MINIMUM TEMPERATURE (F)   39        26      1954


SUNRISE AND SUNSET
APRIL 27 2015.........SUNRISE   603 AM PDT   SUNSET   816 PM PDT
APRIL 28 2015.........SUNRISE   601 AM PDT   SUNSET   818 PM PDT


-  INDICATES NEGATIVE NUMBERS.
R  INDICATES RECORD WAS SET OR TIED.
MM INDICATES DATA IS MISSING.
T  INDICATES TRACE AMOUNT.




$$
