000
CDUS43 KOAX 180637
CLIOMA


CLIMATE REPORT
NATIONAL WEATHER SERVICE OMAHA NEBRASKA
134 AM CDT SAT APR 18 2015


...................................

...THE OMAHA EPPLEY, NEBRASKA CLIMATE SUMMARY FOR APRIL 17 2015...

CLIMATE NORMAL PERIOD 1981 TO 2010
CLIMATE RECORD PERIOD 1871 TO 2015


WEATHER ITEM   OBSERVED TIME   RECORD YEAR NORMAL DEPARTURE LAST
                VALUE   (LST)  VALUE       VALUE  FROM      YEAR
                                                  NORMAL
..................................................................
TEMPERATURE (F)
 YESTERDAY
  MAXIMUM         77    359 PM  89    2004  64     13       57
                                      1994
  MINIMUM         54    624 AM  22    1910  40     14       32
  AVERAGE         66                        52     14       45

PRECIPITATION (IN)
  YESTERDAY        T             1.61 1878   0.09  -0.09     0.00
  MONTH TO DATE    1.70                      1.50   0.20     1.56
  SINCE MAR 1      2.24                      3.49  -1.25     1.77
  SINCE JAN 1      3.38                      5.06  -1.68     2.63

SNOWFALL (IN)
  YESTERDAY        0.0                       0.1   -0.1      0.0
  MONTH TO DATE    T                         0.8   -0.8      0.6
  SINCE JUL 1     13.8                      26.2  -12.4     17.8
  SNOW DEPTH       0

DEGREE DAYS
 HEATING
  YESTERDAY        0                        13    -13       20
  MONTH TO DATE  176                       272    -96      299
  SINCE MAR 1    828                      1063   -235     1178
  SINCE JUL 1   5539                      5861   -322     6283

 COOLING
  YESTERDAY        1                         1      0        0
  MONTH TO DATE    5                         1      4        6
  SINCE MAR 1      5                         2      3        6
  SINCE JAN 1      5                         2      3        6
..................................................................


WIND (MPH)
  HIGHEST WIND SPEED    17   HIGHEST WIND DIRECTION    SE (120)
  HIGHEST GUST SPEED    22   HIGHEST GUST DIRECTION     E (110)
  AVERAGE WIND SPEED     5.8


SKY COVER
  POSSIBLE SUNSHINE  MM
  AVERAGE SKY COVER 0.8


WEATHER CONDITIONS
 THE FOLLOWING WEATHER WAS RECORDED YESTERDAY.
  FOG


RELATIVE HUMIDITY (PERCENT)
 HIGHEST    86           100 AM
 LOWEST     40           400 PM
 AVERAGE    63

..........................................................


THE OMAHA EPPLEY, NEBRASKA CLIMATE NORMALS FOR TODAY
                         NORMAL    RECORD    YEAR
 MAXIMUM TEMPERATURE (F)   65        93      1994
 MINIMUM TEMPERATURE (F)   41        22      1953


SUNRISE AND SUNSET
APRIL 18 2015.........SUNRISE   640 AM CDT   SUNSET   807 PM CDT
APRIL 19 2015.........SUNRISE   638 AM CDT   SUNSET   808 PM CDT


-  INDICATES NEGATIVE NUMBERS.
R  INDICATES RECORD WAS SET OR TIED.
MM INDICATES DATA IS MISSING.
T  INDICATES TRACE AMOUNT.




$$
