000
CDUS45 KBOI 270931
CLIONO


CLIMATE REPORT
NATIONAL WEATHER SERVICE BOISE ID
331 AM MDT MON APR 27 2015


...................................

...THE ONTARIO OR CLIMATE SUMMARY FOR APRIL 26 2015...

CLIMATE NORMAL PERIOD 1981 TO 2010
CLIMATE RECORD PERIOD 1948 TO 2015


WEATHER ITEM   OBSERVED TIME   RECORD YEAR NORMAL DEPARTURE LAST
                VALUE   (LST)  VALUE       VALUE  FROM      YEAR
                                                  NORMAL
..................................................................
TEMPERATURE (F)
 YESTERDAY
  MAXIMUM         65    432 PM  88    1987  68     -3       59
  MINIMUM         36    428 AM  27    2008  38     -2       37
                                      1969
  AVERAGE         51                        53     -2       48

PRECIPITATION (IN)
  YESTERDAY        0.00          0.54 2012   0.02  -0.02      T
  MONTH TO DATE    0.50                      0.68  -0.18     1.11
  SINCE OCT 1      6.86                      7.08  -0.22     5.80
  SINCE JAN 1      2.40                      3.67  -1.27     4.29

DEGREE DAYS
 HEATING
  YESTERDAY       14                        12      2       17
  MONTH TO DATE  360                       395    -35      340
  SINCE MAR 1    883                      1065   -182      928
  SINCE JUL 1   4677                      5695  -1018     5684

 COOLING
  YESTERDAY        0                         0      0        0
  MONTH TO DATE    0                         0      0        0
  SINCE MAR 1      0                         0      0        0
  SINCE JAN 1      0                         0      0        0
..................................................................


WIND (MPH)
  HIGHEST WIND SPEED    23   HIGHEST WIND DIRECTION    NW (300)
  HIGHEST GUST SPEED    27   HIGHEST GUST DIRECTION    NW (300)
  AVERAGE WIND SPEED    10.4


SKY COVER
  AVERAGE SKY COVER 0.1


WEATHER CONDITIONS
 THE FOLLOWING WEATHER WAS RECORDED YESTERDAY.
  NO SIGNIFICANT WEATHER WAS OBSERVED.


RELATIVE HUMIDITY (PERCENT)
 HIGHEST    64           600 AM
 LOWEST     16           400 PM
 AVERAGE    40

..........................................................


THE ONTARIO OR CLIMATE NORMALS FOR TODAY
                         NORMAL    RECORD    YEAR
 MAXIMUM TEMPERATURE (F)   68        93      1987
 MINIMUM TEMPERATURE (F)   38        26      2011


SUNRISE AND SUNSET
APRIL 27 2015.........SUNRISE   646 AM MDT   SUNSET   846 PM MDT
APRIL 28 2015.........SUNRISE   644 AM MDT   SUNSET   848 PM MDT


-  INDICATES NEGATIVE NUMBERS.
R  INDICATES RECORD WAS SET OR TIED.
MM INDICATES DATA IS MISSING.
T  INDICATES TRACE AMOUNT.




$$
