000
CDUS41 KAKQ 050550
CLIORF


CLIMATE REPORT
NATIONAL WEATHER SERVICE WAKEFIELD, VA
150 AM EDT TUE MAY 5 2015


...................................

...THE NORFOLK VA CLIMATE SUMMARY FOR MAY 4 2015...

CLIMATE NORMAL PERIOD 1981 TO 2010
CLIMATE RECORD PERIOD 1871 TO 2015


WEATHER ITEM   OBSERVED TIME   RECORD YEAR NORMAL DEPARTURE LAST
                VALUE   (LST)  VALUE       VALUE  FROM      YEAR
                                                  NORMAL
..................................................................
TEMPERATURE (F)
 YESTERDAY
  MAXIMUM         82    358 PM  92    1892  72     10       81
                                      1887
  MINIMUM         59    550 AM  42    1957  54      5       57
  AVERAGE         71                        63      8       69

PRECIPITATION (IN)
  YESTERDAY        0.00          1.50 1978   0.11  -0.11     0.00
  MONTH TO DATE    0.50                      0.42   0.08     0.00
  SINCE MAR 1      7.81                      7.51   0.30     8.69
  SINCE JAN 1     13.99                     14.03  -0.04    14.98

SNOWFALL (IN)
  YESTERDAY        0.0           0.0  2002   0.0    0.0
  MONTH TO DATE    0.0                       0.0    0.0
  SINCE NOV 1     12.7                       5.8    6.9
  SINCE JUL 1     12.7                       5.8    6.9
  SNOW DEPTH       0

DEGREE DAYS
 HEATING
  YESTERDAY        0                         4     -4        0
  MONTH TO DATE   18                        16      2        2
  SINCE MAR 1    751                       747      4      807
  SINCE JUL 1   3587                      3316    271     3418

 COOLING
  YESTERDAY        6                         2      4        4
  MONTH TO DATE    7                         8     -1       15
  SINCE MAR 1     32                        51    -19       42
  SINCE JAN 1     32                        52    -20       42
..................................................................


WIND (MPH)
  HIGHEST WIND SPEED    21   HIGHEST WIND DIRECTION     S (200)
  HIGHEST GUST SPEED    30   HIGHEST GUST DIRECTION    SW (210)
  AVERAGE WIND SPEED    11.3


SKY COVER
  POSSIBLE SUNSHINE  MM
  AVERAGE SKY COVER 0.1


WEATHER CONDITIONS
 THE FOLLOWING WEATHER WAS RECORDED YESTERDAY.
  NO SIGNIFICANT WEATHER WAS OBSERVED.


RELATIVE HUMIDITY (PERCENT)
 HIGHEST    64          1200 AM
 LOWEST     28          1200 PM
 AVERAGE    46

..........................................................


THE NORFOLK VA CLIMATE NORMALS FOR TODAY
                         NORMAL    RECORD    YEAR
 MAXIMUM TEMPERATURE (F)   73        89      1934
                                             1918
                                             1902
 MINIMUM TEMPERATURE (F)   55        39      1966


SUNRISE AND SUNSET
MAY  5 2015...........SUNRISE   607 AM EDT   SUNSET   757 PM EDT
MAY  6 2015...........SUNRISE   606 AM EDT   SUNSET   758 PM EDT


-  INDICATES NEGATIVE NUMBERS.
R  INDICATES RECORD WAS SET OR TIED.
MM INDICATES DATA IS MISSING.
T  INDICATES TRACE AMOUNT.




$$
