000
CDUS44 KLZK 250911
CLIPBF


CLIMATE REPORT
NATIONAL WEATHER SERVICE LITTLE ROCK AR
411 AM CDT SAT APR 25 2015


...................................

...THE PINE BLUFF CLIMATE SUMMARY FOR APRIL 24 2015...

CLIMATE NORMAL PERIOD 1981 TO 2010
CLIMATE RECORD PERIOD 1883 TO 2015


WEATHER ITEM   OBSERVED TIME   RECORD YEAR NORMAL DEPARTURE LAST
                VALUE   (LST)  VALUE       VALUE  FROM      YEAR
                                                  NORMAL
..................................................................
TEMPERATURE (F)
 YESTERDAY
  MAXIMUM         60   1159 PM  90    1965  76    -16       81
                                      2002
  MINIMUM         52    324 AM  41    1982  54     -2       54
                                      1951
                                      1910
  AVERAGE         56                        65     -9       68

PRECIPITATION (IN)
  YESTERDAY        2.44          4.38 1966   0.18   2.26     0.73
  MONTH TO DATE    7.35                      3.96   3.39     4.44
  SINCE MAR 1     15.39                      9.36   6.03     8.90
  SINCE JAN 1     22.32                     17.18   5.14    14.33

SNOWFALL (IN)
  YESTERDAY        0.0          MM      MM   0.0    0.0      0.0
  MONTH TO DATE    0.0                       0.0    0.0      0.0
  SINCE MAR 1      2.0                       0.0    2.0       T
  SINCE JUL 1      9.2                       3.1    6.1      3.7
  SNOW DEPTH       0

DEGREE DAYS
 HEATING
  YESTERDAY        9                         3      6        0
  MONTH TO DATE   68                       117    -49      138
  SINCE MAR 1    483                       464     19      622
  SINCE JUL 1   3217                      2852    365     3391

 COOLING
  YESTERDAY        0                         3     -3        3
  MONTH TO DATE   67                        46     21       35
  SINCE MAR 1     77                        63     14       35
  SINCE JAN 1     77                        66     11       35
..................................................................


WIND (MPH)
  HIGHEST WIND SPEED    20   HIGHEST WIND DIRECTION     E (110)
  HIGHEST GUST SPEED    24   HIGHEST GUST DIRECTION     E (100)
  AVERAGE WIND SPEED     6.5


SKY COVER
  POSSIBLE SUNSHINE  MM
  AVERAGE SKY COVER 0.7


WEATHER CONDITIONS
 THE FOLLOWING WEATHER WAS RECORDED YESTERDAY.
  THUNDERSTORM
  HEAVY RAIN
  RAIN
  LIGHT RAIN
  FOG


RELATIVE HUMIDITY (PERCENT)
 HIGHEST   100           100 PM
 LOWEST     80           700 AM
 AVERAGE    90

..........................................................


THE PINE BLUFF CLIMATE NORMALS FOR TODAY
                         NORMAL    RECORD    YEAR
 MAXIMUM TEMPERATURE (F)   77        89      1954
                                             1925
 MINIMUM TEMPERATURE (F)   55        30      1910


SUNRISE AND SUNSET
APRIL 25 2015.........SUNRISE   625 AM CDT   SUNSET   747 PM CDT
APRIL 26 2015.........SUNRISE   624 AM CDT   SUNSET   748 PM CDT


-  INDICATES NEGATIVE NUMBERS.
R  INDICATES RECORD WAS SET OR TIED.
MM INDICATES DATA IS MISSING.
T  INDICATES TRACE AMOUNT.




$$
