000
CDUS46 KPQR 050221
CLIPDX


CLIMATE REPORT
NATIONAL WEATHER SERVICE PORTLAND OREGON
720 PM PDT MON MAY 4 2015


...................................

...THE PORTLAND OR CLIMATE SUMMARY FOR MAY 4 2015...
VALID TODAY AS OF 0700 PM LOCAL TIME.

CLIMATE NORMAL PERIOD 1981 TO 2010
CLIMATE RECORD PERIOD 1940 TO 2015


WEATHER ITEM   OBSERVED TIME   RECORD YEAR NORMAL DEPARTURE LAST
                VALUE   (LST)  VALUE       VALUE  FROM      YEAR
                                                  NORMAL
..................................................................
TEMPERATURE (F)
 TODAY
  MAXIMUM         64    502 PM  89    1992  65     -1       61
  MINIMUM         47    533 AM  34    1962  46      1       51
  AVERAGE         56                        56      0       56

PRECIPITATION (IN)
  TODAY            0.00          1.02 2009   0.08  -0.08     0.14
  MONTH TO DATE    0.00                      0.31  -0.31     0.32
  SINCE OCT 1     28.48                     29.38  -0.90    24.51
  SINCE JAN 1     13.50                     15.26  -1.76    18.69

DEGREE DAYS
 HEATING
  TODAY            9                        10     -1        9
  MONTH TO DATE   22                        40    -18       18
  SINCE MAR 1    765                       945   -180      834
  SINCE JUL 1   3237                      4003   -766     4132

 COOLING
  TODAY            0                         0      0        0
  MONTH TO DATE    0                         0      0        6
  SINCE MAR 1      2                         1      1        9
  SINCE JAN 1      2                         1      1        9
..................................................................


WIND (MPH)
  HIGHEST WIND SPEED    21   HIGHEST WIND DIRECTION     W (270)
  HIGHEST GUST SPEED    29   HIGHEST GUST DIRECTION     W (280)
  AVERAGE WIND SPEED     4.7



WEATHER CONDITIONS
 THE FOLLOWING WEATHER WAS RECORDED TODAY.
  NO SIGNIFICANT WEATHER WAS OBSERVED.


RELATIVE HUMIDITY (PERCENT)
 HIGHEST    82           500 AM
 LOWEST     48           100 PM
 AVERAGE    65

..........................................................


THE PORTLAND OR CLIMATE NORMALS FOR TOMORROW
                         NORMAL    RECORD    YEAR
 MAXIMUM TEMPERATURE (F)   66        87      1992
 MINIMUM TEMPERATURE (F)   46        35      1978


SUNRISE AND SUNSET
MAY  4 2015...........SUNRISE   554 AM PDT   SUNSET   821 PM PDT
MAY  5 2015...........SUNRISE   553 AM PDT   SUNSET   822 PM PDT


-  INDICATES NEGATIVE NUMBERS.
R  INDICATES RECORD WAS SET OR TIED.
MM INDICATES DATA IS MISSING.
T  INDICATES TRACE AMOUNT.




$$
