000
CDUS41 KPHI 050629
CLIPHL


CLIMATE REPORT
NATIONAL WEATHER SERVICE MOUNT HOLLY NJ
228 AM EDT TUE MAY 5 2015


...................................

...THE PHILADELPHIA PA CLIMATE SUMMARY FOR MAY 4 2015...

CLIMATE NORMAL PERIOD 1981 TO 2010
CLIMATE RECORD PERIOD 1872 TO 2015


WEATHER ITEM   OBSERVED TIME   RECORD YEAR NORMAL DEPARTURE LAST
                VALUE   (LST)  VALUE       VALUE  FROM      YEAR
                                                  NORMAL
..................................................................
TEMPERATURE (F)
 YESTERDAY
  MAXIMUM         85    353 PM  91    2001  70     15       66
  MINIMUM         54    529 AM  35    1957  50      4       50
  AVERAGE         70                        60     10       58

PRECIPITATION (IN)
  YESTERDAY        0.00          1.88 1921   0.11  -0.11      T
  MONTH TO DATE    0.00                      0.43  -0.43     0.13
  SINCE MAR 1      9.10                      7.78   1.32    11.05
  SINCE JAN 1     15.98                     13.46   2.52    19.72

SNOWFALL (IN)
  YESTERDAY        0.0           0.0  1870   0.0    0.0      0.0
  MONTH TO DATE    0.0                       0.0    0.0      0.0
  SINCE MAR 1     12.0                       3.4    8.6      8.5
  SINCE JUL 1     27.0                      22.4    4.6     68.0
  SNOW DEPTH       0

DEGREE DAYS
 HEATING
  YESTERDAY        0                         6     -6        7
  MONTH TO DATE   12                        25    -13       13
  SINCE MAR 1   1091                      1033     58     1153
  SINCE JUL 1   4744                      4515    229     4809

 COOLING
  YESTERDAY        5                         1      4        0
  MONTH TO DATE    5                         4      1        6
  SINCE MAR 1      8                        17     -9       15
  SINCE JAN 1      8                        17     -9       15
..................................................................


WIND (MPH)
  HIGHEST WIND SPEED    22   HIGHEST WIND DIRECTION    SW (220)
  HIGHEST GUST SPEED    29   HIGHEST GUST DIRECTION    SW (220)
  AVERAGE WIND SPEED     8.3


SKY COVER
  POSSIBLE SUNSHINE  MM
  AVERAGE SKY COVER 0.2


WEATHER CONDITIONS
 THE FOLLOWING WEATHER WAS RECORDED YESTERDAY.
  NO SIGNIFICANT WEATHER WAS OBSERVED.


RELATIVE HUMIDITY (PERCENT)
 HIGHEST    80           600 AM
 LOWEST     20           400 PM
 AVERAGE    50

..........................................................


THE PHILADELPHIA PA CLIMATE NORMALS FOR TODAY
                         NORMAL    RECORD    YEAR
 MAXIMUM TEMPERATURE (F)   71        90      1928
 MINIMUM TEMPERATURE (F)   51        33      1966


SUNRISE AND SUNSET
MAY  5 2015...........SUNRISE   557 AM EDT   SUNSET   759 PM EDT
MAY  6 2015...........SUNRISE   556 AM EDT   SUNSET   800 PM EDT


-  INDICATES NEGATIVE NUMBERS.
R  INDICATES RECORD WAS SET OR TIED.
MM INDICATES DATA IS MISSING.
T  INDICATES TRACE AMOUNT.




$$
