000
CDUS43 KILX 210632
CLIPIA


CLIMATE REPORT
NATIONAL WEATHER SERVICE LINCOLN IL
132 AM CDT TUE APR 21 2015


...................................

...THE PEORIA IL CLIMATE SUMMARY FOR APRIL 20 2015...

CLIMATE NORMAL PERIOD 1981 TO 2010
CLIMATE RECORD PERIOD 1883 TO 2015


WEATHER ITEM   OBSERVED TIME   RECORD YEAR NORMAL DEPARTURE LAST
                VALUE   (LST)  VALUE       VALUE  FROM      YEAR
                                                  NORMAL
..................................................................
TEMPERATURE (F)
 YESTERDAY
  MAXIMUM         58   1232 AM  89    1987  65     -7       81
  MINIMUM         44    901 PM  28    1897  43      1       51
  AVERAGE         51                        54     -3       66

PRECIPITATION (IN)
  YESTERDAY        T             2.60 1905   0.13  -0.13     0.00
  MONTH TO DATE    2.46                      2.36   0.10     2.66
  SINCE MAR 1      3.11                      5.16  -2.05     4.60
  SINCE JAN 1      6.83                      8.73  -1.90     9.47

SNOWFALL (IN)
  YESTERDAY        0.0           T    1959   0.0    0.0      0.0
                                      1953
                                      1950
  MONTH TO DATE    0.0                       0.6   -0.6      0.3
  SINCE MAR 1      2.7                       3.3   -0.6      7.4
  SINCE JUL 1     27.0                      24.6    2.4     57.6
  SNOW DEPTH       0

DEGREE DAYS
 HEATING
  YESTERDAY       14                        12      2        0
  MONTH TO DATE  141                       297   -156      289
  SINCE MAR 1    884                      1053   -169     1223
  SINCE JUL 1   5590                      5569     21     6402

 COOLING
  YESTERDAY        0                         1     -1        1
  MONTH TO DATE   11                         3      8        5
  SINCE MAR 1     11                         4      7        5
  SINCE JAN 1     11                         4      7        5
..................................................................


WIND (MPH)
  HIGHEST WIND SPEED    28   HIGHEST WIND DIRECTION     W (270)
  HIGHEST GUST SPEED    39   HIGHEST GUST DIRECTION     W (270)
  AVERAGE WIND SPEED    16.1


SKY COVER
  POSSIBLE SUNSHINE  MM
  AVERAGE SKY COVER 0.8


WEATHER CONDITIONS
 THE FOLLOWING WEATHER WAS RECORDED YESTERDAY.
  LIGHT RAIN
  FOG


RELATIVE HUMIDITY (PERCENT)
 HIGHEST    86          1200 AM
 LOWEST     42           800 PM
 AVERAGE    64

..........................................................


THE PEORIA IL CLIMATE NORMALS FOR TODAY
                         NORMAL    RECORD    YEAR
 MAXIMUM TEMPERATURE (F)   65        85      1985
 MINIMUM TEMPERATURE (F)   44        28      1943


SUNRISE AND SUNSET
APRIL 21 2015.........SUNRISE   612 AM CDT   SUNSET   744 PM CDT
APRIL 22 2015.........SUNRISE   610 AM CDT   SUNSET   745 PM CDT


-  INDICATES NEGATIVE NUMBERS.
R  INDICATES RECORD WAS SET OR TIED.
MM INDICATES DATA IS MISSING.
T  INDICATES TRACE AMOUNT.




$$
