000
CDUS41 KPBZ 172112
CLIPIT

CLIMATE REPORT
NATIONAL WEATHER SERVICE PITTSBURGH PA
511 PM EDT FRI APR 17 2015

...................................

...THE PITTSBURGH PA CLIMATE SUMMARY FOR APRIL 17 2015...
VALID TODAY AS OF 0500 PM LOCAL TIME.

CLIMATE NORMAL PERIOD 1981 TO 2010
CLIMATE RECORD PERIOD 1871 TO 2015

WEATHER ITEM   OBSERVED TIME   RECORD YEAR NORMAL DEPARTURE LAST
                VALUE   (LST)  VALUE       VALUE  FROM      YEAR
                                                  NORMAL
..................................................................
TEMPERATURE (F)
 TODAY
  MAXIMUM         71    352 PM  87    1896  63      8       64
  MINIMUM         56    453 AM  16    1875  41     15       35
  AVERAGE         64                        52     12       50

PRECIPITATION (IN)
  TODAY            T             1.20 1967   0.11  -0.11     0.00
  MONTH TO DATE    2.57                      1.77   0.80     2.40
  SINCE JUN 1     32.13                     32.90  -0.77    33.01
  SINCE JAN 1     10.38                      9.81   0.57     8.70

SNOWFALL (IN)
  TODAY            0.0           1.0  1951   0.1   -0.1      0.0
  MONTH TO DATE    0.0                       1.3   -1.3      0.1
  SINCE OCT 1     47.2                      41.7    5.5     63.4
  SINCE JUL 1     47.2                      41.7    5.5     63.4
  SNOW DEPTH       0

DEGREE DAYS
 HEATING
  TODAY            1                        14    -13       15
  MONTH TO DATE  167                       280   -113      236
  SINCE MAR 1   1065                      1068     -3     1176
  SINCE JUL 1   5733                      5325    408     5707

 COOLING
  TODAY            0                         0      0        0
  MONTH TO DATE    1                         0      1       10
  SINCE MAR 1      1                         1      0       10
  SINCE JAN 1      1                         1      0       10
..................................................................

WIND (MPH)
  HIGHEST WIND SPEED    14   HIGHEST WIND DIRECTION    NW (320)
  HIGHEST GUST SPEED    18   HIGHEST GUST DIRECTION    NW (310)
  AVERAGE WIND SPEED     6.1


SKY COVER
  POSSIBLE SUNSHINE  MM
  AVERAGE SKY COVER 0.8


WEATHER CONDITIONS
 THE FOLLOWING WEATHER WAS RECORDED TODAY.
  LIGHT RAIN


RELATIVE HUMIDITY (PERCENT)
 HIGHEST    83           200 AM
 LOWEST     44           400 PM
 AVERAGE    64

..........................................................


THE PITTSBURGH PA CLIMATE NORMALS FOR TOMORROW
                         NORMAL    RECORD    YEAR
 MAXIMUM TEMPERATURE (F)   63        90      1896
 MINIMUM TEMPERATURE (F)   41        14      1875


SUNRISE AND SUNSET
APRIL 17 2015.........SUNRISE   640 AM EDT   SUNSET   802 PM EDT
APRIL 18 2015.........SUNRISE   638 AM EDT   SUNSET   803 PM EDT


-  INDICATES NEGATIVE NUMBERS.
R  INDICATES RECORD WAS SET OR TIED.
MM INDICATES DATA IS MISSING.
T  INDICATES TRACE AMOUNT.

&&

SNOW DEPTH IS MEASURED AT 7 AM EST OR 8 AM EDT.

$$
