000
CDUS46 KLOX 070114
CLIPMD


CLIMATE REPORT
NATIONAL WEATHER SERVICE LOS ANGELES/OXNARD CA
614 PM PDT WED MAY 6 2015


...................................

...THE PALMDALE AIRPORT CA CLIMATE SUMMARY FOR MAY 6 2015...
VALID TODAY AS OF 0600 PM LOCAL TIME.

CLIMATE NORMAL PERIOD 1981 TO 2010
CLIMATE RECORD PERIOD 1931 TO 2015


WEATHER ITEM   OBSERVED TIME   RECORD YEAR NORMAL DEPARTURE LAST
                VALUE   (LST)  VALUE       VALUE  FROM      YEAR
                                                  NORMAL
..................................................................
TEMPERATURE (F)
 TODAY
  MAXIMUM         69    118 PM  96    1990  80    -11       63
  MINIMUM         49    437 AM  33    1978  50     -1       46
  AVERAGE         59                        65     -6       55

PRECIPITATION (IN)
  TODAY            0.00          0.18 1964   0.01  -0.01      T
  MONTH TO DATE    0.00                      0.08  -0.08      T
  SINCE OCT 1      4.12                      7.51  -3.39     4.03
  SINCE JAN 1      1.55                      5.06  -3.51     2.09

SNOWFALL (IN)
  TODAY            0.0           0.0  1973  MM              MM
  MONTH TO DATE    0.0                      MM               0.0
  SINCE MAR 1      0.0                      MM               0.0
  SINCE JUL 1      0.0                      MM               0.0
  SNOW DEPTH       0

DEGREE DAYS
 HEATING
  TODAY            6                         3      3       10
  MONTH TO DATE    9                        22    -13       12
  SINCE MAR 1    355                       627   -272      410
  SINCE JUL 1   2010                      2872   -862     2308

 COOLING
  TODAY            0                         3     -3        0
  MONTH TO DATE   22                        14      8       25
  SINCE MAR 1     57                        37     20       68
  SINCE JAN 1     57                        37     20       69
..................................................................


WIND (MPH)
  HIGHEST WIND SPEED    33   HIGHEST WIND DIRECTION    SW (220)
  HIGHEST GUST SPEED    40   HIGHEST GUST DIRECTION    SW (220)
  AVERAGE WIND SPEED    20.5


SKY COVER
  POSSIBLE SUNSHINE  MM
  AVERAGE SKY COVER 0.0


WEATHER CONDITIONS
 THE FOLLOWING WEATHER WAS RECORDED TODAY.
  NO SIGNIFICANT WEATHER WAS OBSERVED.


RELATIVE HUMIDITY (PERCENT)
 HIGHEST    80           300 AM
 LOWEST     35           100 PM
 AVERAGE    58

..........................................................


THE PALMDALE AIRPORT CA CLIMATE NORMALS FOR TOMORROW
                         NORMAL    RECORD    YEAR
 MAXIMUM TEMPERATURE (F)   80        96      2001
 MINIMUM TEMPERATURE (F)   50        32      1938


SUNRISE AND SUNSET
MAY  6 2015...........SUNRISE   557 AM PDT   SUNSET   741 PM PDT
MAY  7 2015...........SUNRISE   556 AM PDT   SUNSET   742 PM PDT


-  INDICATES NEGATIVE NUMBERS.
R  INDICATES RECORD WAS SET OR TIED.
MM INDICATES DATA IS MISSING.
T  INDICATES TRACE AMOUNT.




$$
