000
CDUS44 KMOB 180636
CLIPNS


CLIMATE REPORT
NATIONAL WEATHER SERVICE MOBILE AL
126 AM CDT SAT APR 18 2015


...................................

...THE PENSACOLA CLIMATE SUMMARY FOR APRIL 17 2015...

CLIMATE NORMAL PERIOD 1981 TO 2010
CLIMATE RECORD PERIOD 1879 TO 2015


WEATHER ITEM   OBSERVED TIME   RECORD YEAR NORMAL DEPARTURE LAST
                VALUE   (LST)  VALUE       VALUE  FROM      YEAR
                                                  NORMAL
..................................................................
TEMPERATURE (F)
 YESTERDAY
  MAXIMUM         80    327 PM  89    1948  76      4       74
  MINIMUM         69    534 AM  42    1962  58     11       55
  AVERAGE         75                        67      8       65

PRECIPITATION (IN)
  YESTERDAY        0.47          2.55 1900   0.14   0.33     0.86
  MONTH TO DATE    6.82                      2.60   4.22     5.99
  SINCE MAR 1      9.20                      8.41   0.79    15.77
  SINCE JAN 1     19.61                     18.10   1.51    27.10

DEGREE DAYS
 HEATING
  YESTERDAY        0                         1     -1        0
  MONTH TO DATE    1                        41    -40       33
  SINCE MAR 1    101                       217   -116      238
  SINCE JUL 1   1544                      1525     19     1575

 COOLING
  YESTERDAY       10                         3      7        0
  MONTH TO DATE  122                        42     80       46
  SINCE MAR 1    224                        75    149       52
  SINCE JAN 1    231                        89    142       67
..................................................................


WIND (MPH)
  HIGHEST WIND SPEED    23   HIGHEST WIND DIRECTION    SE (140)
  HIGHEST GUST SPEED    27   HIGHEST GUST DIRECTION    SW (230)
  AVERAGE WIND SPEED    10.1


SKY COVER
  POSSIBLE SUNSHINE  MM
  AVERAGE SKY COVER 0.7


WEATHER CONDITIONS
 THE FOLLOWING WEATHER WAS RECORDED YESTERDAY.
  RAIN
  LIGHT RAIN
  FOG


RELATIVE HUMIDITY (PERCENT)
 HIGHEST   100           300 AM
 LOWEST     71           300 PM
 AVERAGE    86

..........................................................


THE PENSACOLA CLIMATE NORMALS FOR TODAY
                         NORMAL    RECORD    YEAR
 MAXIMUM TEMPERATURE (F)   76        87      2006
                                             1987
                                             1967
 MINIMUM TEMPERATURE (F)   58        40      1921


SUNRISE AND SUNSET
APRIL 18 2015.........SUNRISE   619 AM CDT   SUNSET   718 PM CDT
APRIL 19 2015.........SUNRISE   617 AM CDT   SUNSET   719 PM CDT


-  INDICATES NEGATIVE NUMBERS.
R  INDICATES RECORD WAS SET OR TIED.
MM INDICATES DATA IS MISSING.
T  INDICATES TRACE AMOUNT.




$$
