000
CDUS46 KLOX 180112
CLIPRB


CLIMATE REPORT
NATIONAL WEATHER SERVICE LOS ANGELES/OXNARD CA
612 PM PDT FRI APR 17 2015


...................................

...THE PASO ROBLES AIRPORT CA CLIMATE SUMMARY FOR APRIL 17 2015...
VALID TODAY AS OF 0600 PM LOCAL TIME.

CLIMATE NORMAL PERIOD 1981 TO 2010
CLIMATE RECORD PERIOD 1948 TO 2015


WEATHER ITEM   OBSERVED TIME   RECORD YEAR NORMAL DEPARTURE LAST
                VALUE   (LST)  VALUE       VALUE  FROM      YEAR
                                                  NORMAL
..................................................................
TEMPERATURE (F)
 TODAY
  MAXIMUM         86    310 PM  95    1954  73     13       73
  MINIMUM         38    551 AM  31    1968  41     -3       48
  AVERAGE         62                        57      5       61

PRECIPITATION (IN)
  TODAY            0.00          1.13 2000   0.02  -0.02     0.00
  MONTH TO DATE    0.43                      0.46  -0.03     0.32
  SINCE OCT 1      8.48                     11.95  -3.47     4.90
  SINCE JAN 1      2.76                      8.29  -5.53     4.44

SNOWFALL (IN)
  TODAY            0.0
  MONTH TO DATE    0.0
  SINCE MAR 1      0.0
  SINCE JUL 1      0.0

DEGREE DAYS
 HEATING
  TODAY            3                         8     -5        4
  MONTH TO DATE  134                       163    -29       92
  SINCE MAR 1    296                       529   -233      322
  SINCE JUL 1   1656                      2622   -966     2027

 COOLING
  TODAY            0                         0      0        0
  MONTH TO DATE    0                         0      0        8
  SINCE MAR 1     21                         0     21        8
  SINCE JAN 1     21                         0     21        8
..................................................................


WIND (MPH)
  HIGHEST WIND SPEED    20   HIGHEST WIND DIRECTION    SW (240)
  HIGHEST GUST SPEED    23   HIGHEST GUST DIRECTION    SW (240)
  AVERAGE WIND SPEED     3.9


SKY COVER
  POSSIBLE SUNSHINE  MM
  AVERAGE SKY COVER 0.0


WEATHER CONDITIONS
 THE FOLLOWING WEATHER WAS RECORDED TODAY.
  NO SIGNIFICANT WEATHER WAS OBSERVED.


RELATIVE HUMIDITY (PERCENT)
 HIGHEST    54           400 AM
 LOWEST     10           100 PM
 AVERAGE    32

..........................................................


THE PASO ROBLES AIRPORT CA CLIMATE NORMALS FOR TOMORROW
                         NORMAL    RECORD    YEAR
 MAXIMUM TEMPERATURE (F)   73        93      1989
 MINIMUM TEMPERATURE (F)   41        30      1975


SUNRISE AND SUNSET
APRIL 17 2015.........SUNRISE   627 AM PDT   SUNSET   737 PM PDT
APRIL 18 2015.........SUNRISE   626 AM PDT   SUNSET   738 PM PDT


-  INDICATES NEGATIVE NUMBERS.
R  INDICATES RECORD WAS SET OR TIED.
MM INDICATES DATA IS MISSING.
T  INDICATES TRACE AMOUNT.




$$
