000
CDUS46 KPDT 030843 RRA
CLIRDM

CLIMATE REPORT
NATIONAL WEATHER SERVICE PENDLETON OR
143 AM PDT SUN MAY 3 2015


...................................

...THE REDMOND OR CLIMATE SUMMARY FOR MAY 2 2015...

CLIMATE NORMAL PERIOD 1981 TO 2010
CLIMATE RECORD PERIOD 1949 TO 2015


WEATHER ITEM   OBSERVED TIME   RECORD YEAR NORMAL DEPARTURE LAST
                VALUE   (LST)  VALUE       VALUE  FROM      YEAR
                                                  NORMAL
..................................................................
TEMPERATURE (F)
 YESTERDAY
  MAXIMUM         72    430 PM  86    1966  64      8       80
  MINIMUM         33    516 AM  12    1964  32      1       39
  AVERAGE         53                        48      5       60

PRECIPITATION (IN)
  YESTERDAY        0.00          0.31 1973   0.02  -0.02     0.00
  MONTH TO DATE    0.00                      0.05  -0.05     0.00
  SINCE OCT 1      5.81                      5.82  -0.01     3.80
  SINCE JAN 1      1.53                      3.06  -1.53     3.09

DEGREE DAYS
 HEATING
  YESTERDAY       12                        17     -5        5
  MONTH TO DATE   22                        35    -13       10
  SINCE MAR 1   1300                      1433   -133     1312
  SINCE JUL 1   5333                      6106   -773     6105

 COOLING
  YESTERDAY        0                         0      0        0
  MONTH TO DATE    0                         0      0        0
  SINCE MAR 1      0                         0      0        0
  SINCE JAN 1      0                         0      0        0
..................................................................


WIND (MPH)
  RESULTANT WIND SPEED   3   RESULTANT WIND DIRECTION   N (350)
  HIGHEST WIND SPEED    20   HIGHEST WIND DIRECTION     N (350)
  HIGHEST GUST SPEED    22   HIGHEST GUST DIRECTION     N (340)
  AVERAGE WIND SPEED     6.3


SKY COVER
  POSSIBLE SUNSHINE  MM
  AVERAGE SKY COVER 0.0


WEATHER CONDITIONS
 THE FOLLOWING WEATHER WAS RECORDED YESTERDAY.
  NO SIGNIFICANT WEATHER WAS OBSERVED.


RELATIVE HUMIDITY (PERCENT)
 HIGHEST    76           500 AM
 LOWEST     14          1200 PM
 AVERAGE    45

..........................................................


THE REDMOND OR CLIMATE NORMALS FOR TODAY
                         NORMAL    RECORD    YEAR
 MAXIMUM TEMPERATURE (F)   64        89      1966
 MINIMUM TEMPERATURE (F)   32        14      1964


SUNRISE AND SUNSET
MAY  3 2015...........SUNRISE   553 AM PDT   SUNSET   811 PM PDT
MAY  4 2015...........SUNRISE   552 AM PDT   SUNSET   812 PM PDT


-  INDICATES NEGATIVE NUMBERS.
R  INDICATES RECORD WAS SET OR TIED.
MM INDICATES DATA IS MISSING.
T  INDICATES TRACE AMOUNT.




$$
