000
CDUS43 KGRB 180635
CLIRHI

CLIMATE REPORT
NATIONAL WEATHER SERVICE GREEN BAY
133 AM CDT SAT APR 18 2015

...................................

...THE RHINELANDER WI CLIMATE SUMMARY FOR APRIL 17 2015...

CLIMATE NORMAL PERIOD 1981 TO 2010
CLIMATE RECORD PERIOD 1908 TO 2015

WEATHER ITEM   OBSERVED TIME   RECORD YEAR NORMAL DEPARTURE LAST
                VALUE   (LST)  VALUE       VALUE  FROM      YEAR
                                                  NORMAL
..................................................................
TEMPERATURE (F)
 YESTERDAY
  MAXIMUM         74    354 PM  80    1964  54     20       36
  MINIMUM         39    515 AM  12    1983  31      8       29
                                      1928
  AVERAGE         57                        42     15       33

PRECIPITATION (IN)
  YESTERDAY        0.00          1.46 1959   0.08  -0.08     0.67
  MONTH TO DATE    2.56                      1.36   1.20     3.00
  SINCE MAR 1      3.33                      2.93   0.40     3.76
  SINCE JAN 1      4.22                      4.97  -0.75     6.37

SNOWFALL (IN)
  YESTERDAY        0.0           7.5  2014  MM     MM        7.5
  MONTH TO DATE   11.0                      MM     MM       25.7
  SINCE MAR 1     17.5                      MM     MM       35.3
  SINCE JUL 1     86.4                      MM     MM      107.8
  SNOW DEPTH       0

DEGREE DAYS
 HEATING
  YESTERDAY        8                        23    -15       32
  MONTH TO DATE  389                       448    -59      569
  SINCE MAR 1   1519                      1621   -102     2008
  SINCE JUL 1   8860                      8243    617     9637

COOLING
  YESTERDAY        0                         0      0        0
  MONTH TO DATE    0                         0      0        0
  SINCE MAR 1      0                         0      0        0
  SINCE JAN 1      0                         0      0        0
..................................................................

WIND (MPH)
  HIGHEST WIND SPEED    17   HIGHEST WIND DIRECTION     W (270)
  HIGHEST GUST SPEED    23   HIGHEST GUST DIRECTION     W (280)
  AVERAGE WIND SPEED     5.1

SKY COVER
  POSSIBLE SUNSHINE  MM
  AVERAGE SKY COVER 0.2

WEATHER CONDITIONS
 THE FOLLOWING WEATHER WAS RECORDED YESTERDAY.
  NO SIGNIFICANT WEATHER WAS OBSERVED.

RELATIVE HUMIDITY (PERCENT)
 HIGHEST    73           600 AM
 LOWEST     22           500 PM
 AVERAGE    48
..........................................................

THE RHINELANDER WI CLIMATE NORMALS FOR TODAY
                         NORMAL    RECORD    YEAR
 MAXIMUM TEMPERATURE (F)   55        85      1987
 MINIMUM TEMPERATURE (F)   31        10      1926

SUNRISE AND SUNSET
APRIL 18 2015.........SUNRISE   607 AM CDT   SUNSET   748 PM CDT
APRIL 19 2015.........SUNRISE   606 AM CDT   SUNSET   749 PM CDT

-  INDICATES NEGATIVE NUMBERS.
R  INDICATES RECORD WAS SET OR TIED.
MM INDICATES DATA IS MISSING.
T  INDICATES TRACE AMOUNT.

$$
