000
CDUS41 KAKQ 190543
CLIRIC


CLIMATE REPORT
NATIONAL WEATHER SERVICE WAKEFIELD, VA
142 AM EDT SUN APR 19 2015


...................................

...THE RICHMOND VA CLIMATE SUMMARY FOR APRIL 18 2015...

CLIMATE NORMAL PERIOD 1981 TO 2010
CLIMATE RECORD PERIOD 1871 TO 2015


WEATHER ITEM   OBSERVED TIME   RECORD YEAR NORMAL DEPARTURE LAST
                VALUE   (LST)  VALUE       VALUE  FROM      YEAR
                                                  NORMAL
..................................................................
TEMPERATURE (F)
 YESTERDAY
  MAXIMUM         83    258 PM  95    1976  71     12       55
  MINIMUM         60   1159 PM  29    1951  47     13       36
  AVERAGE         72                        59     13       46

PRECIPITATION (IN)
  YESTERDAY        0.02          1.87 1910   0.10  -0.08     0.00
  MONTH TO DATE    2.61                      1.99   0.62     1.54
  SINCE MAR 1      6.39                      6.03   0.36     4.78
  SINCE JAN 1     13.65                     11.83   1.82    11.09

SNOWFALL (IN)
  YESTERDAY        0.0           0.0  2002   0.0    0.0
  MONTH TO DATE    0.0                       0.1   -0.1
  SINCE NOV 1     12.8                      10.3    2.5
  SINCE JUL 1     12.8                      10.3    2.5
  SNOW DEPTH       0

DEGREE DAYS
 HEATING
  YESTERDAY        0                         7     -7       19
  MONTH TO DATE   94                       170    -76      131
  SINCE MAR 1    629                       686    -57      744
  SINCE JUL 1   3731                      3622    109     3697

 COOLING
  YESTERDAY        7                         1      6        0
  MONTH TO DATE   17                        17      0       19
  SINCE MAR 1     17                        23     -6       21
  SINCE JAN 1     17                        23     -6       21
..................................................................


WIND (MPH)
  HIGHEST WIND SPEED    12   HIGHEST WIND DIRECTION    NE (30)
  HIGHEST GUST SPEED    21   HIGHEST GUST DIRECTION    NE (50)
  AVERAGE WIND SPEED     4.1


SKY COVER
  POSSIBLE SUNSHINE  MM
  AVERAGE SKY COVER 0.7


WEATHER CONDITIONS
 THE FOLLOWING WEATHER WAS RECORDED YESTERDAY.
  LIGHT RAIN
  FOG


RELATIVE HUMIDITY (PERCENT)
 HIGHEST   100          1200 AM
 LOWEST     31           300 PM
 AVERAGE    66

..........................................................


THE RICHMOND VA CLIMATE NORMALS FOR TODAY
                         NORMAL    RECORD    YEAR
 MAXIMUM TEMPERATURE (F)   72        93      1985
                                             1941
 MINIMUM TEMPERATURE (F)   47        29      2001


SUNRISE AND SUNSET
APRIL 19 2015.........SUNRISE   629 AM EDT   SUNSET   748 PM EDT
APRIL 20 2015.........SUNRISE   628 AM EDT   SUNSET   749 PM EDT


-  INDICATES NEGATIVE NUMBERS.
R  INDICATES RECORD WAS SET OR TIED.
MM INDICATES DATA IS MISSING.
T  INDICATES TRACE AMOUNT.




$$
