000
CDUS45 KRIW 270759
CLIRIW


CLIMATE REPORT
NATIONAL WEATHER SERVICE RIVERTON WY
155 AM MDT MON APR 27 2015


...................................

...THE RIVERTON WY CLIMATE SUMMARY FOR APRIL 26 2015...

CLIMATE NORMAL PERIOD 1981 TO 2010
CLIMATE RECORD PERIOD 1995 TO 2015


WEATHER ITEM   OBSERVED TIME   RECORD YEAR NORMAL DEPARTURE LAST
                VALUE   (LST)  VALUE       VALUE  FROM      YEAR
                                                  NORMAL
..................................................................
TEMPERATURE (F)
 YESTERDAY
  MAXIMUM         45    417 PM  79    2012  61    -16       64
  MINIMUM         34    724 AM  26    2008  34      0       40
  AVERAGE         40                        47     -7       52

PRECIPITATION (IN)
  YESTERDAY        0.31R         0.27 1999   0.05   0.26      T
  MONTH TO DATE    0.82                      1.05  -0.23     0.07
  SINCE MAR 1      1.23                      1.60  -0.37     0.57
  SINCE JAN 1      2.30                      2.11   0.19     1.47

SNOWFALL (IN)
  YESTERDAY        T                                         0.0
  MONTH TO DATE    3.3                                       0.4
  SINCE MAR 1     10.0                                       3.8
  SINCE JUL 1     38.6                                      53.0
  SNOW DEPTH       0

DEGREE DAYS
 HEATING
  YESTERDAY       25                        18      7       13
  MONTH TO DATE  523                       556    -33      521
  SINCE MAR 1   1308                      1474   -166     1437
  SINCE JUL 1   6701                      7328   -627     7318

 COOLING
  YESTERDAY        0                         0      0        0
  MONTH TO DATE    0                         0      0        0
  SINCE MAR 1      0                         0      0        0
  SINCE JAN 1      0                         0      0        0
..................................................................


WIND (MPH)
  HIGHEST WIND SPEED    22   HIGHEST WIND DIRECTION     E (80)
  HIGHEST GUST SPEED    27   HIGHEST GUST DIRECTION     E (80)
  AVERAGE WIND SPEED    11.6


SKY COVER
  POSSIBLE SUNSHINE  MM
  AVERAGE SKY COVER 1.0


WEATHER CONDITIONS
 THE FOLLOWING WEATHER WAS RECORDED YESTERDAY.
  RAIN
  LIGHT RAIN
  FOG


RELATIVE HUMIDITY (PERCENT)
 HIGHEST   100           700 AM
 LOWEST     70           400 PM
 AVERAGE    85

..........................................................


THE RIVERTON WY CLIMATE NORMALS FOR TODAY
                         NORMAL    RECORD    YEAR
 MAXIMUM TEMPERATURE (F)   61        78      2001
 MINIMUM TEMPERATURE (F)   34        25      2011
                                             2005


SUNRISE AND SUNSET
APRIL 27 2015.........SUNRISE   613 AM MDT   SUNSET   810 PM MDT
APRIL 28 2015.........SUNRISE   612 AM MDT   SUNSET   811 PM MDT


-  INDICATES NEGATIVE NUMBERS.
R  INDICATES RECORD WAS SET OR TIED.
MM INDICATES DATA IS MISSING.
T  INDICATES TRACE AMOUNT.




$$
