000
CDUS45 KRIW 190042
CLIRKS


CLIMATE REPORT
NATIONAL WEATHER SERVICE RIVERTON WY
641 PM MDT SAT APR 18 2015


...................................

...THE ROCK SPRINGS WY CLIMATE SUMMARY FOR APRIL 18 2015...
VALID TODAY AS OF 0500 PM LOCAL TIME.

CLIMATE NORMAL PERIOD 1981 TO 2010
CLIMATE RECORD PERIOD 1948 TO 2015


WEATHER ITEM   OBSERVED TIME   RECORD YEAR NORMAL DEPARTURE LAST
                VALUE   (LST)  VALUE       VALUE  FROM      YEAR
                                                  NORMAL
..................................................................
TEMPERATURE (F)
 TODAY
  MAXIMUM         58        MM  73    1981  54      4       71
  MINIMUM         31        MM  12    2013  30      1       42
                                      1966
  AVERAGE         45                        42      3       57

PRECIPITATION (IN)
  TODAY            0.00                      0.03  -0.03     0.00
  MONTH TO DATE    0.34                      0.50  -0.16     0.17
  SINCE MAR 1      0.56                      1.18  -0.62     0.60
  SINCE JAN 1      0.65                      2.11  -1.46     0.75

DEGREE DAYS
 HEATING
  TODAY           20                        23     -3        8
  MONTH TO DATE  461                       451     10      417
  SINCE MAR 1   1234                      1428   -194     1303
  SINCE JUL 1   6347                      7280   -933     6755

 COOLING
  TODAY            0                         0      0        0
  MONTH TO DATE    0                         0      0        0
  SINCE MAR 1      0                         0      0        0
  SINCE JAN 1      0                         0      0        0
..................................................................


WIND (MPH)
  HIGHEST WIND SPEED    24   HIGHEST WIND DIRECTION    NE (50)
  HIGHEST GUST SPEED    39   HIGHEST GUST DIRECTION    NE (40)
  AVERAGE WIND SPEED    11.3


SKY COVER
  POSSIBLE SUNSHINE  MM
  AVERAGE SKY COVER 0.5


WEATHER CONDITIONS
 THE FOLLOWING WEATHER WAS RECORDED TODAY.
  FOG


RELATIVE HUMIDITY (PERCENT)
 HIGHEST    96           500 AM
 LOWEST     27           200 PM
 AVERAGE    62

..........................................................


THE ROCK SPRINGS WY CLIMATE NORMALS FOR TOMORROW
                         NORMAL    RECORD    YEAR
 MAXIMUM TEMPERATURE (F)   55        75      1989
 MINIMUM TEMPERATURE (F)   30         7      1966


SUNRISE AND SUNSET
APRIL 18 2015.........SUNRISE   632 AM MDT   SUNSET   800 PM MDT
APRIL 19 2015.........SUNRISE   630 AM MDT   SUNSET   801 PM MDT


-  INDICATES NEGATIVE NUMBERS.
R  INDICATES RECORD WAS SET OR TIED.
MM INDICATES DATA IS MISSING.
T  INDICATES TRACE AMOUNT.




$$
