000
CDUS41 KRNK 030541
CLIRNK


CLIMATE REPORT
NATIONAL WEATHER SERVICE BLACKSBURG VA
138 AM EDT SUN MAY 3 2015


...................................

...THE BLACKSBURG VA CLIMATE SUMMARY FOR MAY 2 2015...

CLIMATE NORMAL PERIOD 1981 TO 2010
CLIMATE RECORD PERIOD 1952 TO 2015


WEATHER ITEM   OBSERVED TIME   RECORD YEAR NORMAL DEPARTURE LAST
                VALUE   (LST)  VALUE       VALUE  FROM      YEAR
                                                  NORMAL
..................................................................
TEMPERATURE (F)
 YESTERDAY
  MAXIMUM         67        MM  85    1962  68     -1       66
  MINIMUM         42        MM  29    1978  43     -1       42
  AVERAGE         55                        56     -1       54

PRECIPITATION (IN)
  YESTERDAY        0.00          1.13 1966   0.12  -0.12     0.00
  MONTH TO DATE    0.91                      0.24   0.67     0.00
  SINCE MAR 1     10.78                      7.36   3.42     6.52
  SINCE JAN 1     14.20                     13.25   0.95    12.15

SNOWFALL (IN)
  YESTERDAY        0.0
  MONTH TO DATE    0.0
  SINCE MAR 1      4.4
  SINCE JUL 1     27.8
  SNOW DEPTH       0

DEGREE DAYS
 HEATING
  YESTERDAY       10                        10      0       11
  MONTH TO DATE   25                        20      5       17
  SINCE MAR 1   1030                      1177   -147     1169
  SINCE JUL 1   5156                      5225    -69     5350

 COOLING
  YESTERDAY        0                         0      0        0
  MONTH TO DATE    0                         0      0        0
  SINCE MAR 1      0                         3     -3        0
  SINCE JAN 1      0                         3     -3        0
..................................................................


WIND (MPH)
  HIGHEST WIND SPEED    14   HIGHEST WIND DIRECTION    NW (330)
  HIGHEST GUST SPEED    18   HIGHEST GUST DIRECTION     N (350)
  AVERAGE WIND SPEED     3.7


SKY COVER
  POSSIBLE SUNSHINE  MM
  AVERAGE SKY COVER 0.5


WEATHER CONDITIONS
 THE FOLLOWING WEATHER WAS RECORDED YESTERDAY.
  NO SIGNIFICANT WEATHER WAS OBSERVED.


RELATIVE HUMIDITY (PERCENT)
 HIGHEST    96           200 AM
 LOWEST     36           400 PM
 AVERAGE    66

..........................................................


THE BLACKSBURG VA CLIMATE NORMALS FOR TODAY
                         NORMAL    RECORD    YEAR
 MAXIMUM TEMPERATURE (F)   68        87      2012
 MINIMUM TEMPERATURE (F)   43        26      1981


SUNRISE AND SUNSET
MAY  3 2015...........SUNRISE   625 AM EDT   SUNSET   813 PM EDT
MAY  4 2015...........SUNRISE   624 AM EDT   SUNSET   814 PM EDT


-  INDICATES NEGATIVE NUMBERS.
R  INDICATES RECORD WAS SET OR TIED.
MM INDICATES DATA IS MISSING.
T  INDICATES TRACE AMOUNT.

$$
RCS
