000
CDUS45 KPIH 060733
CLIRXE


CLIMATE REPORT
NATIONAL WEATHER SERVICE POCATELLO ID
132 AM MDT WED MAY 6 2015


...................................

...THE REXBURG ID CLIMATE SUMMARY FOR MAY 5 2015...

CLIMATE NORMAL PERIOD 1981 TO 2010
CLIMATE RECORD PERIOD 1998 TO 2015


WEATHER ITEM   OBSERVED TIME   RECORD YEAR NORMAL DEPARTURE LAST
                VALUE   (LST)  VALUE       VALUE  FROM      YEAR
                                                  NORMAL
..................................................................
TEMPERATURE (F)
 YESTERDAY
  MAXIMUM         72    139 PM  79    2004  63      9       62
  MINIMUM         43    559 AM  23    2010  36      7       48
  AVERAGE         58                        49      9       55

PRECIPITATION (IN)
  YESTERDAY        0.15         MM      MM   0.05   0.10     0.00
  MONTH TO DATE    0.16                      0.27  -0.11     0.00
  SINCE OCT 1      4.74                      7.59  -2.85     6.33
  SINCE JAN 1      1.97                      4.38  -2.41     4.47

SNOWFALL (IN)
  YESTERDAY       MM
  MONTH TO DATE   MM
  SINCE MAR 1     MM
  SINCE JUL 1     MM
  SNOW DEPTH      MM

DEGREE DAYS
 HEATING
  YESTERDAY        7                        16     -9       10
  MONTH TO DATE   46                        82    -36       46
  SINCE MAR 1   1382                      1674   -292     1535
  SINCE JUL 1   6466                      7647  -1181     7350

 COOLING
  YESTERDAY        0                         0      0        0
  MONTH TO DATE    0                         0      0        0
  SINCE MAR 1      0                         0      0        0
  SINCE JAN 1      0                         0      0        0
..................................................................


WIND (MPH)
  HIGHEST WIND SPEED    23   HIGHEST WIND DIRECTION     W (270)
  HIGHEST GUST SPEED    35   HIGHEST GUST DIRECTION    NW (300)
  AVERAGE WIND SPEED     5.3


SKY COVER
  POSSIBLE SUNSHINE  MM
  AVERAGE SKY COVER 0.3


WEATHER CONDITIONS
 THE FOLLOWING WEATHER WAS RECORDED YESTERDAY.
  THUNDERSTORM
  RAIN
  LIGHT RAIN
  FOG


RELATIVE HUMIDITY (PERCENT)
 HIGHEST    86          1000 PM
 LOWEST     28           200 PM
 AVERAGE    57

..........................................................


THE REXBURG ID CLIMATE NORMALS FOR TODAY
                         NORMAL    RECORD    YEAR
 MAXIMUM TEMPERATURE (F)   63        78      2004
 MINIMUM TEMPERATURE (F)   36        24      1999


SUNRISE AND SUNSET
MAY  6 2015...........SUNRISE   613 AM MDT   SUNSET   836 PM MDT
MAY  7 2015...........SUNRISE   611 AM MDT   SUNSET   837 PM MDT


-  INDICATES NEGATIVE NUMBERS.
R  INDICATES RECORD WAS SET OR TIED.
MM INDICATES DATA IS MISSING.
T  INDICATES TRACE AMOUNT.




$$
